Last updated on 2024-04-26 09:52:14 CEST.
Flavor | Version | Tinstall | Tcheck | Ttotal | Status | Flags |
---|---|---|---|---|---|---|
r-devel-linux-x86_64-debian-clang | 0.1.5 | 6.32 | 63.11 | 69.43 | OK | |
r-devel-linux-x86_64-debian-gcc | 0.1.5 | 4.34 | 45.84 | 50.18 | OK | |
r-devel-linux-x86_64-fedora-clang | 0.1.5 | 86.10 | NOTE | |||
r-devel-linux-x86_64-fedora-gcc | 0.1.5 | 79.94 | NOTE | |||
r-devel-windows-x86_64 | 0.1.5 | 7.00 | 74.00 | 81.00 | OK | |
r-patched-linux-x86_64 | 0.1.5 | 5.05 | 60.35 | 65.40 | OK | |
r-release-linux-x86_64 | 0.1.5 | 5.03 | 58.84 | 63.87 | OK | |
r-release-macos-arm64 | 0.1.5 | 28.00 | OK | |||
r-release-windows-x86_64 | 0.1.5 | 8.00 | 73.00 | 81.00 | OK | |
r-oldrel-macos-arm64 | 0.1.5 | 28.00 | OK | |||
r-oldrel-macos-x86_64 | 0.1.5 | 43.00 | OK | |||
r-oldrel-windows-x86_64 | 0.1.5 | 9.00 | 78.00 | 87.00 | OK |
Version: 0.1.5
Check: data for non-ASCII characters
Result: NOTE
Note: found 28 marked UTF-8 strings
Flavors: r-devel-linux-x86_64-fedora-clang, r-devel-linux-x86_64-fedora-gcc