CRAN Package Check Results for Package siconfir

Last updated on 2021-10-23 10:57:07 CEST.

Flavor Version Tinstall Tcheck Ttotal Status Flags
r-devel-linux-x86_64-debian-clang 1.0.5 4.30 42.38 46.68 OK
r-devel-linux-x86_64-debian-gcc 1.0.5 3.23 31.56 34.79 OK
r-devel-linux-x86_64-fedora-clang 1.0.5 67.91 NOTE
r-devel-linux-x86_64-fedora-gcc 1.0.5 53.69 NOTE
r-devel-windows-x86_64 1.0.5 10.00 48.00 58.00 OK
r-devel-windows-x86_64-gcc10-UCRT 1.0.5 NOTE
r-patched-linux-x86_64 1.0.5 4.25 39.54 43.79 OK
r-patched-solaris-x86 1.0.5 80.20 NOTE
r-release-linux-x86_64 1.0.5 4.20 39.46 43.66 OK
r-release-macos-arm64 1.0.5 NOTE
r-release-macos-x86_64 1.0.5 NOTE
r-release-windows-ix86+x86_64 1.0.5 8.00 59.00 67.00 OK
r-oldrel-macos-x86_64 1.0.5 NOTE
r-oldrel-windows-ix86+x86_64 1.0.5 11.00 61.00 72.00 OK

Check Details

Version: 1.0.5
Check: data for non-ASCII characters
Result: NOTE
     Note: found 2397 marked UTF-8 strings
Flavors: r-devel-linux-x86_64-fedora-clang, r-devel-linux-x86_64-fedora-gcc, r-devel-windows-x86_64-gcc10-UCRT, r-patched-solaris-x86, r-release-macos-arm64, r-release-macos-x86_64, r-oldrel-macos-x86_64