Last updated on 2024-04-25 08:00:07 CEST.
Flavor | Version | Tinstall | Tcheck | Ttotal | Status | Flags |
---|---|---|---|---|---|---|
r-devel-linux-x86_64-debian-clang | 1.0.0 | 1.49 | 22.85 | 24.34 | NOTE | |
r-devel-linux-x86_64-debian-gcc | 1.0.0 | 1.46 | 17.52 | 18.98 | NOTE | |
r-devel-linux-x86_64-fedora-clang | 1.0.0 | 31.41 | NOTE | |||
r-devel-linux-x86_64-fedora-gcc | 1.0.0 | 29.09 | NOTE | |||
r-devel-windows-x86_64 | 1.0.0 | 2.00 | 40.00 | 42.00 | NOTE | |
r-patched-linux-x86_64 | 1.0.0 | 1.78 | 21.06 | 22.84 | NOTE | |
r-release-linux-x86_64 | 1.0.0 | 1.98 | 21.36 | 23.34 | NOTE | |
r-release-macos-arm64 | 1.0.0 | 15.00 | NOTE | |||
r-release-windows-x86_64 | 1.0.0 | 3.00 | 39.00 | 42.00 | NOTE | |
r-oldrel-macos-arm64 | 1.0.0 | 18.00 | NOTE | |||
r-oldrel-macos-x86_64 | 1.0.0 | 20.00 | NOTE | |||
r-oldrel-windows-x86_64 | 1.0.0 | 2.00 | 38.00 | 40.00 | NOTE |
Version: 1.0.0
Check: LazyData
Result: NOTE
'LazyData' is specified without a 'data' directory
Flavors: r-devel-linux-x86_64-debian-clang, r-devel-linux-x86_64-debian-gcc, r-devel-linux-x86_64-fedora-clang, r-devel-linux-x86_64-fedora-gcc, r-devel-windows-x86_64, r-patched-linux-x86_64, r-release-linux-x86_64, r-release-macos-arm64, r-release-windows-x86_64, r-oldrel-macos-arm64, r-oldrel-macos-x86_64, r-oldrel-windows-x86_64