CRAN Package Check Results for Package shopifyr

Last updated on 2021-09-21 09:53:07 CEST.

Flavor Version Tinstall Tcheck Ttotal Status Flags
r-devel-linux-x86_64-debian-clang 1.0.0 6.65 35.71 42.36 OK
r-devel-linux-x86_64-debian-gcc 1.0.0 5.17 28.08 33.25 OK
r-devel-linux-x86_64-fedora-clang 1.0.0 61.31 OK
r-devel-linux-x86_64-fedora-gcc 1.0.0 50.19 OK
r-devel-windows-x86_64 1.0.0 8.00 43.00 51.00 OK
r-devel-windows-x86_64-gcc10-UCRT 1.0.0 ERROR
r-patched-linux-x86_64 1.0.0 8.25 34.93 43.18 OK
r-patched-solaris-x86 1.0.0 67.90 OK
r-release-linux-x86_64 1.0.0 5.67 35.45 41.12 OK
r-release-macos-arm64 1.0.0 OK
r-release-macos-x86_64 1.0.0 OK
r-release-windows-ix86+x86_64 1.0.0 11.00 39.00 50.00 OK
r-oldrel-macos-x86_64 1.0.0 OK
r-oldrel-windows-ix86+x86_64 1.0.0 11.00 42.00 53.00 OK

Check Details

Version: 1.0.0
Check: whether package can be installed
Result: WARN
    Found the following significant warnings:
     WARNING: installation-time patches will not be applied, could not get the patches index
Flavor: r-devel-windows-x86_64-gcc10-UCRT

Version: 1.0.0
Check: PDF version of manual
Result: WARN
    LaTeX errors when creating PDF version.
    This typically indicates Rd problems.
Flavor: r-devel-windows-x86_64-gcc10-UCRT

Version: 1.0.0
Check: PDF version of manual without hyperrefs or index
Result: ERROR
    Re-running with no redirection of stdout/stderr.
Flavor: r-devel-windows-x86_64-gcc10-UCRT