CRAN Package Check Results for Package shinystan

Last updated on 2021-07-25 09:50:34 CEST.

Flavor Version Tinstall Tcheck Ttotal Status Flags
r-devel-linux-x86_64-debian-clang 2.5.0 14.11 136.15 150.26 OK
r-devel-linux-x86_64-debian-gcc 2.5.0 10.97 100.52 111.49 OK
r-devel-linux-x86_64-fedora-clang 2.5.0 181.54 NOTE
r-devel-linux-x86_64-fedora-gcc 2.5.0 174.38 OK
r-devel-windows-x86_64 2.5.0 16.00 132.00 148.00 OK
r-devel-windows-x86_64-gcc10-UCRT 2.5.0 OK
r-patched-linux-x86_64 2.5.0 12.40 125.83 138.23 OK
r-patched-solaris-x86 2.5.0 256.90 OK
r-release-linux-x86_64 2.5.0 11.12 126.09 137.21 OK
r-release-macos-arm64 2.5.0 OK
r-release-macos-x86_64 2.5.0 OK
r-release-windows-ix86+x86_64 2.5.0 33.00 140.00 173.00 OK
r-oldrel-macos-x86_64 2.5.0 OK
r-oldrel-windows-ix86+x86_64 2.5.0 35.00 167.00 202.00 OK

Check Details

Version: 2.5.0
Check: Rd cross-references
Result: NOTE
    Undeclared package ‘brms’ in Rd xrefs
Flavor: r-devel-linux-x86_64-fedora-clang