CRAN Package Check Results for Package shinyfilter

Last updated on 2021-10-20 09:55:23 CEST.

Flavor Version Tinstall Tcheck Ttotal Status Flags
r-devel-linux-x86_64-debian-clang 0.1.1 2.72 20.39 23.11 OK
r-devel-linux-x86_64-debian-gcc 0.1.1 1.87 16.14 18.01 OK
r-devel-linux-x86_64-fedora-clang 0.1.1 38.30 NOTE
r-devel-linux-x86_64-fedora-gcc 0.1.1 27.66 NOTE
r-devel-windows-x86_64 0.1.1 4.00 32.00 36.00 OK
r-devel-windows-x86_64-gcc10-UCRT 0.1.1 NOTE
r-patched-linux-x86_64 0.1.1 2.72 19.76 22.48 OK
r-patched-solaris-x86 0.1.1 44.20 NOTE
r-release-linux-x86_64 0.1.1 2.65 20.40 23.05 OK
r-release-macos-arm64 0.1.1 NOTE
r-release-macos-x86_64 0.1.1 NOTE
r-release-windows-ix86+x86_64 0.1.1 5.00 36.00 41.00 OK
r-oldrel-macos-x86_64 0.1.1 NOTE
r-oldrel-windows-ix86+x86_64 0.1.1 6.00 39.00 45.00 OK

Check Details

Version: 0.1.1
Check: dependencies in R code
Result: NOTE
    Namespace in Imports field not imported from: ‘reactable’
     All declared Imports should be used.
Flavors: r-devel-linux-x86_64-fedora-clang, r-devel-linux-x86_64-fedora-gcc, r-devel-windows-x86_64-gcc10-UCRT, r-patched-solaris-x86, r-release-macos-arm64, r-release-macos-x86_64, r-oldrel-macos-x86_64