Last updated on 2024-04-18 10:50:03 CEST.
Flavor | Version | Tinstall | Tcheck | Ttotal | Status | Flags |
---|---|---|---|---|---|---|
r-devel-linux-x86_64-debian-clang | 0.1.2 | 10.54 | 67.49 | 78.03 | NOTE | |
r-devel-linux-x86_64-debian-gcc | 0.1.2 | 6.74 | 51.01 | 57.75 | NOTE | |
r-devel-linux-x86_64-fedora-clang | 0.1.2 | 98.71 | NOTE | |||
r-devel-linux-x86_64-fedora-gcc | 0.1.2 | 103.77 | NOTE | |||
r-prerel-macos-arm64 | 0.1.2 | 37.00 | NOTE | |||
r-prerel-windows-x86_64 | 0.1.2 | 10.00 | 69.00 | 79.00 | NOTE | |
r-patched-linux-x86_64 | 0.1.2 | 8.99 | 66.37 | 75.36 | NOTE | |
r-release-linux-x86_64 | 0.1.2 | 5.47 | 65.23 | 70.70 | NOTE | |
r-release-macos-arm64 | 0.1.2 | 49.00 | NOTE | |||
r-release-macos-x86_64 | 0.1.2 | 54.00 | NOTE | |||
r-release-windows-x86_64 | 0.1.2 | 14.00 | 79.00 | 93.00 | NOTE | |
r-oldrel-macos-arm64 | 0.1.2 | 29.00 | NOTE | |||
r-oldrel-windows-x86_64 | 0.1.2 | 14.00 | 85.00 | 99.00 | NOTE |
Version: 0.1.2
Check: LazyData
Result: NOTE
'LazyData' is specified without a 'data' directory
Flavors: r-devel-linux-x86_64-debian-clang, r-devel-linux-x86_64-debian-gcc, r-devel-linux-x86_64-fedora-clang, r-devel-linux-x86_64-fedora-gcc, r-prerel-macos-arm64, r-prerel-windows-x86_64, r-patched-linux-x86_64, r-release-linux-x86_64, r-release-macos-arm64, r-release-macos-x86_64, r-release-windows-x86_64, r-oldrel-macos-arm64, r-oldrel-windows-x86_64