Last updated on 2024-04-22 10:56:37 CEST.
Flavor | Version | Tinstall | Tcheck | Ttotal | Status | Flags |
---|---|---|---|---|---|---|
r-devel-linux-x86_64-debian-clang | 1.1.1 | 9.32 | 54.91 | 64.23 | OK | |
r-devel-linux-x86_64-debian-gcc | 1.1.1 | 6.56 | 40.80 | 47.36 | OK | |
r-devel-linux-x86_64-fedora-clang | 1.1.1 | 77.38 | NOTE | |||
r-devel-linux-x86_64-fedora-gcc | 1.1.1 | 70.25 | OK | |||
r-prerel-macos-arm64 | 1.1.1 | 26.00 | NOTE | |||
r-prerel-windows-x86_64 | 1.1.1 | 12.00 | 67.00 | 79.00 | NOTE | |
r-patched-linux-x86_64 | 1.1.1 | 8.37 | 50.57 | 58.94 | OK | |
r-release-linux-x86_64 | 1.1.1 | 9.50 | 50.94 | 60.44 | OK | |
r-release-macos-arm64 | 1.1.1 | 27.00 | NOTE | |||
r-release-macos-x86_64 | 1.1.1 | 41.00 | NOTE | |||
r-release-windows-x86_64 | 1.1.1 | 14.00 | 76.00 | 90.00 | NOTE | |
r-oldrel-macos-arm64 | 1.1.1 | 24.00 | NOTE | |||
r-oldrel-windows-x86_64 | 1.1.1 | 14.00 | 76.00 | 90.00 | NOTE |
Version: 1.1.1
Check: installed package size
Result: NOTE
installed size is 20.6Mb
sub-directories of 1Mb or more:
www 19.7Mb
Flavors: r-devel-linux-x86_64-fedora-clang, r-prerel-macos-arm64, r-prerel-windows-x86_64, r-release-macos-arm64, r-release-macos-x86_64, r-release-windows-x86_64, r-oldrel-macos-arm64, r-oldrel-windows-x86_64