CRAN Package Check Results for Package shiny.semantic

Last updated on 2021-10-23 10:57:07 CEST.

Flavor Version Tinstall Tcheck Ttotal Status Flags
r-devel-linux-x86_64-debian-clang 0.4.2 8.15 50.57 58.72 ERROR
r-devel-linux-x86_64-debian-gcc 0.4.2 5.96 39.30 45.26 ERROR
r-devel-linux-x86_64-fedora-clang 0.4.2 79.57 ERROR
r-devel-linux-x86_64-fedora-gcc 0.4.2 67.83 ERROR
r-devel-windows-x86_64 0.4.2 12.00 59.00 71.00 ERROR
r-devel-windows-x86_64-gcc10-UCRT 0.4.2 ERROR
r-patched-linux-x86_64 0.4.2 7.80 49.40 57.20 NOTE
r-patched-solaris-x86 0.4.2 99.50 NOTE
r-release-linux-x86_64 0.4.2 7.09 48.90 55.99 NOTE
r-release-macos-arm64 0.4.2 NOTE
r-release-macos-x86_64 0.4.2 NOTE
r-release-windows-ix86+x86_64 0.4.2 10.00 85.00 95.00 NOTE
r-oldrel-macos-x86_64 0.4.2 NOTE
r-oldrel-windows-ix86+x86_64 0.4.2 15.00 82.00 97.00 NOTE

Check Details

Version: 0.4.2
Check: LazyData
Result: NOTE
     'LazyData' is specified without a 'data' directory
Flavors: r-devel-linux-x86_64-debian-clang, r-devel-linux-x86_64-debian-gcc, r-devel-linux-x86_64-fedora-clang, r-devel-linux-x86_64-fedora-gcc, r-devel-windows-x86_64, r-devel-windows-x86_64-gcc10-UCRT, r-patched-linux-x86_64, r-patched-solaris-x86, r-release-linux-x86_64, r-release-macos-arm64, r-release-macos-x86_64, r-release-windows-ix86+x86_64

Version: 0.4.2
Check: tests
Result: ERROR
     Running 'testthat.R' [4s/5s]
    Running the tests in 'tests/testthat.R' failed.
    Complete output:
     > library(testthat)
     > library(shiny.semantic)
    
     Attaching package: 'shiny.semantic'
    
     The following object is masked from 'package:graphics':
    
     grid
    
     The following object is masked from 'package:utils':
    
     menu
    
     >
     > test_check("shiny.semantic")
     [1] "/home/hornik/tmp/R.check/r-devel-clang/Work/PKGS/shiny.semantic.Rcheck/tests/testthat"
     == Skipped tests ===============================================================
     * On CRAN (1)
    
     == Failed tests ================================================================
     -- Error (test_modal.R:95:3): test modalDialog ---------------------------------
     Error in `warn_unsupported_args(intersect(names(args), not_supported_modal_args))`: Wrong input type!
     Backtrace:
     x
     1. \-shiny.semantic::modalDialog(title = "Important message", "This is an important message!") test_modal.R:95:2
     2. \-shiny.semantic:::warn_unsupported_args(...)
    
     [ FAIL 1 | WARN 0 | SKIP 1 | PASS 261 ]
     Error: Test failures
     Execution halted
Flavor: r-devel-linux-x86_64-debian-clang

Version: 0.4.2
Check: tests
Result: ERROR
     Running ‘testthat.R’ [3s/4s]
    Running the tests in ‘tests/testthat.R’ failed.
    Complete output:
     > library(testthat)
     > library(shiny.semantic)
    
     Attaching package: 'shiny.semantic'
    
     The following object is masked from 'package:graphics':
    
     grid
    
     The following object is masked from 'package:utils':
    
     menu
    
     >
     > test_check("shiny.semantic")
     [1] "/home/hornik/tmp/R.check/r-devel-gcc/Work/PKGS/shiny.semantic.Rcheck/tests/testthat"
     ══ Skipped tests ═══════════════════════════════════════════════════════════════
     • On CRAN (1)
    
     ══ Failed tests ════════════════════════════════════════════════════════════════
     ── Error (test_modal.R:95:3): test modalDialog ─────────────────────────────────
     Error in `warn_unsupported_args(intersect(names(args), not_supported_modal_args))`: Wrong input type!
     Backtrace:
     █
     1. └─shiny.semantic::modalDialog(title = "Important message", "This is an important message!") test_modal.R:95:2
     2. └─shiny.semantic:::warn_unsupported_args(...)
    
     [ FAIL 1 | WARN 0 | SKIP 1 | PASS 261 ]
     Error: Test failures
     Execution halted
Flavor: r-devel-linux-x86_64-debian-gcc

Version: 0.4.2
Check: installed package size
Result: NOTE
     installed size is 10.9Mb
     sub-directories of 1Mb or more:
     help 2.5Mb
     www 8.1Mb
Flavors: r-devel-linux-x86_64-fedora-clang, r-devel-windows-x86_64, r-patched-solaris-x86, r-release-macos-arm64, r-release-macos-x86_64, r-release-windows-ix86+x86_64, r-oldrel-macos-x86_64, r-oldrel-windows-ix86+x86_64

Version: 0.4.2
Check: tests
Result: ERROR
     Running ‘testthat.R’
    Running the tests in ‘tests/testthat.R’ failed.
    Complete output:
     > library(testthat)
     > library(shiny.semantic)
    
     Attaching package: 'shiny.semantic'
    
     The following object is masked from 'package:graphics':
    
     grid
    
     The following object is masked from 'package:utils':
    
     menu
    
     >
     > test_check("shiny.semantic")
     [1] "/data/gannet/ripley/R/packages/tests-clang/shiny.semantic.Rcheck/tests/testthat"
     ══ Skipped tests ═══════════════════════════════════════════════════════════════
     • On CRAN (1)
    
     ══ Failed tests ════════════════════════════════════════════════════════════════
     ── Error (test_modal.R:95:3): test modalDialog ─────────────────────────────────
     Error in `warn_unsupported_args(intersect(names(args), not_supported_modal_args))`: Wrong input type!
     Backtrace:
     █
     1. └─shiny.semantic::modalDialog(title = "Important message", "This is an important message!") test_modal.R:95:2
     2. └─shiny.semantic:::warn_unsupported_args(...)
    
     [ FAIL 1 | WARN 0 | SKIP 1 | PASS 261 ]
     Error: Test failures
     Execution halted
Flavor: r-devel-linux-x86_64-fedora-clang

Version: 0.4.2
Check: tests
Result: ERROR
     Running ‘testthat.R’
    Running the tests in ‘tests/testthat.R’ failed.
    Complete output:
     > library(testthat)
     > library(shiny.semantic)
    
     Attaching package: 'shiny.semantic'
    
     The following object is masked from 'package:graphics':
    
     grid
    
     The following object is masked from 'package:utils':
    
     menu
    
     >
     > test_check("shiny.semantic")
     [1] "/data/gannet/ripley/R/packages/tests-devel/shiny.semantic.Rcheck/tests/testthat"
     ══ Skipped tests ═══════════════════════════════════════════════════════════════
     • On CRAN (1)
    
     ══ Failed tests ════════════════════════════════════════════════════════════════
     ── Error (test_modal.R:95:3): test modalDialog ─────────────────────────────────
     Error in `warn_unsupported_args(intersect(names(args), not_supported_modal_args))`: Wrong input type!
     Backtrace:
     █
     1. └─shiny.semantic::modalDialog(title = "Important message", "This is an important message!") test_modal.R:95:2
     2. └─shiny.semantic:::warn_unsupported_args(...)
    
     [ FAIL 1 | WARN 0 | SKIP 1 | PASS 261 ]
     Error: Test failures
     Execution halted
Flavor: r-devel-linux-x86_64-fedora-gcc

Version: 0.4.2
Check: tests
Result: ERROR
     Running 'testthat.R' [4s]
    Running the tests in 'tests/testthat.R' failed.
    Complete output:
     > library(testthat)
     > library(shiny.semantic)
    
     Attaching package: 'shiny.semantic'
    
     The following object is masked from 'package:graphics':
    
     grid
    
     The following object is masked from 'package:utils':
    
     menu
    
     >
     > test_check("shiny.semantic")
     [1] "d:/Rcompile/CRANpkg/local/4.2/shiny.semantic.Rcheck/tests/testthat"
     == Skipped tests ===============================================================
     * On CRAN (1)
    
     == Failed tests ================================================================
     -- Error (test_modal.R:95:3): test modalDialog ---------------------------------
     Error in `warn_unsupported_args(intersect(names(args), not_supported_modal_args))`: Wrong input type!
     Backtrace:
     x
     1. \-shiny.semantic::modalDialog(title = "Important message", "This is an important message!") test_modal.R:95:2
     2. \-shiny.semantic:::warn_unsupported_args(...)
    
     [ FAIL 1 | WARN 0 | SKIP 1 | PASS 261 ]
     Error: Test failures
     Execution halted
Flavor: r-devel-windows-x86_64

Version: 0.4.2
Check: tests
Result: ERROR
     Running 'testthat.R'
    Running the tests in 'tests/testthat.R' failed.
    Complete output:
     > library(testthat)
     > library(shiny.semantic)
    
     Attaching package: 'shiny.semantic'
    
     The following object is masked from 'package:graphics':
    
     grid
    
     The following object is masked from 'package:utils':
    
     menu
    
     >
     > test_check("shiny.semantic")
     [1] "C:/r_packages/pkgcheck/CRAN/shiny.semantic/shiny.semantic.Rcheck/tests/testthat"
     ══ Skipped tests ═══════════════════════════════════════════════════════════════
     • On CRAN (1)
    
     ══ Failed tests ════════════════════════════════════════════════════════════════
     ── Error (test_modal.R:95:3): test modalDialog ─────────────────────────────────
     Error in `warn_unsupported_args(intersect(names(args), not_supported_modal_args))`: Wrong input type!
     Backtrace:
     █
     1. └─shiny.semantic::modalDialog(title = "Important message", "This is an important message!") test_modal.R:95:2
     2. └─shiny.semantic:::warn_unsupported_args(...)
    
     [ FAIL 1 | WARN 0 | SKIP 1 | PASS 261 ]
     Error: Test failures
     Execution halted
Flavor: r-devel-windows-x86_64-gcc10-UCRT