CRAN Package Check Results for Package shinipsum

Last updated on 2021-07-27 09:53:38 CEST.

Flavor Version Tinstall Tcheck Ttotal Status Flags
r-devel-linux-x86_64-debian-clang 0.1.0 5.90 72.63 78.53 OK
r-devel-linux-x86_64-debian-gcc 0.1.0 5.26 55.33 60.59 OK
r-devel-linux-x86_64-fedora-clang 0.1.0 105.25 NOTE
r-devel-linux-x86_64-fedora-gcc 0.1.0 97.44 NOTE
r-devel-windows-x86_64 0.1.0 14.00 98.00 112.00 OK
r-devel-windows-x86_64-gcc10-UCRT 0.1.0 NOTE
r-patched-linux-x86_64 0.1.0 5.82 66.06 71.88 OK
r-patched-solaris-x86 0.1.0 131.90 NOTE
r-release-linux-x86_64 0.1.0 6.28 67.93 74.21 OK
r-release-macos-arm64 0.1.0 NOTE
r-release-macos-x86_64 0.1.0 NOTE
r-release-windows-ix86+x86_64 0.1.0 17.00 77.00 94.00 OK
r-oldrel-macos-x86_64 0.1.0 NOTE
r-oldrel-windows-ix86+x86_64 0.1.0 26.00 100.00 126.00 OK

Check Details

Version: 0.1.0
Check: dependencies in R code
Result: NOTE
    Namespace in Imports field not imported from: ‘utils’
     All declared Imports should be used.
Flavors: r-devel-linux-x86_64-fedora-clang, r-devel-linux-x86_64-fedora-gcc, r-devel-windows-x86_64-gcc10-UCRT, r-patched-solaris-x86, r-release-macos-arm64, r-release-macos-x86_64, r-oldrel-macos-x86_64