CRAN Package Check Results for Package sgPLS

Last updated on 2021-10-21 09:55:06 CEST.

Flavor Version Tinstall Tcheck Ttotal Status Flags
r-devel-linux-x86_64-debian-clang 1.7 13.99 117.63 131.62 OK
r-devel-linux-x86_64-debian-gcc 1.7 12.17 86.91 99.08 OK
r-devel-linux-x86_64-fedora-clang 1.7 162.34 OK
r-devel-linux-x86_64-fedora-gcc 1.7 154.68 OK
r-devel-windows-x86_64 1.7 22.00 116.00 138.00 OK
r-devel-windows-x86_64-gcc10-UCRT 1.7 ERROR
r-patched-linux-x86_64 1.7 19.17 109.58 128.75 OK
r-patched-solaris-x86 1.7 234.50 OK
r-release-linux-x86_64 1.7 10.62 108.84 119.46 OK
r-release-macos-arm64 1.7 OK
r-release-macos-x86_64 1.7 OK
r-release-windows-ix86+x86_64 1.7 22.00 139.00 161.00 OK
r-oldrel-macos-x86_64 1.7 OK
r-oldrel-windows-ix86+x86_64 1.7 27.00 140.00 167.00 OK

Check Details

Version: 1.7
Check: package dependencies
Result: ERROR
    Package required but not available: 'mixOmics'
    
    See section 'The DESCRIPTION file' in the 'Writing R Extensions'
    manual.
Flavor: r-devel-windows-x86_64-gcc10-UCRT