CRAN Package Check Results for Package sensiPhy

Last updated on 2021-10-21 09:55:06 CEST.

Flavor Version Tinstall Tcheck Ttotal Status Flags
r-devel-linux-x86_64-debian-clang 0.8.5 21.74 234.16 255.90 OK
r-devel-linux-x86_64-debian-gcc 0.8.5 17.95 169.03 186.98 OK
r-devel-linux-x86_64-fedora-clang 0.8.5 321.53 OK
r-devel-linux-x86_64-fedora-gcc 0.8.5 291.40 OK
r-devel-windows-x86_64 0.8.5 33.00 232.00 265.00 OK
r-devel-windows-x86_64-gcc10-UCRT 0.8.5 ERROR
r-patched-linux-x86_64 0.8.5 21.22 209.89 231.11 OK
r-patched-solaris-x86 0.8.5 372.70 OK
r-release-linux-x86_64 0.8.5 20.87 207.66 228.53 OK
r-release-macos-arm64 0.8.5 OK
r-release-macos-x86_64 0.8.5 OK
r-release-windows-ix86+x86_64 0.8.5 44.00 259.00 303.00 OK
r-oldrel-macos-x86_64 0.8.5 OK
r-oldrel-windows-ix86+x86_64 0.8.5 46.00 244.00 290.00 OK

Check Details

Version: 0.8.5
Check: package dependencies
Result: ERROR
    Packages required but not available: 'phytools', 'geiger'
    
    See section 'The DESCRIPTION file' in the 'Writing R Extensions'
    manual.
Flavor: r-devel-windows-x86_64-gcc10-UCRT