Last updated on 2024-04-19 10:57:40 CEST.
Flavor | Version | Tinstall | Tcheck | Ttotal | Status | Flags |
---|---|---|---|---|---|---|
r-devel-linux-x86_64-debian-clang | 0.3.1 | 72.13 | 163.32 | 235.45 | NOTE | |
r-devel-linux-x86_64-debian-gcc | 0.3.1 | NOTE | ||||
r-devel-linux-x86_64-fedora-clang | 0.3.1 | 319.14 | NOTE | |||
r-devel-linux-x86_64-fedora-gcc | 0.3.1 | 317.69 | NOTE | |||
r-prerel-macos-arm64 | 0.3.1 | 86.00 | NOTE | |||
r-prerel-windows-x86_64 | 0.3.1 | 55.00 | 168.00 | 223.00 | NOTE | |
r-patched-linux-x86_64 | 0.3.1 | 69.76 | 158.91 | 228.67 | NOTE | |
r-release-linux-x86_64 | 0.3.1 | 67.77 | 158.21 | 225.98 | OK | |
r-release-macos-arm64 | 0.3.1 | 82.00 | OK | |||
r-release-macos-x86_64 | 0.3.1 | 177.00 | OK | |||
r-release-windows-x86_64 | 0.3.1 | 70.00 | 209.00 | 279.00 | OK | |
r-oldrel-macos-arm64 | 0.3.1 | 80.00 | OK | |||
r-oldrel-windows-x86_64 | 0.3.1 | 66.00 | 206.00 | 272.00 | OK |
Version: 0.3.1
Check: Rd files
Result: NOTE
checkRd: (-1) Gmixt_simultanee.Rd:21: Lost braces
21 | { \\sum{p=1 -> P} log( \\pi{p} f( y{ij} ; \\theta{p} ) ) }
| ^
checkRd: (-1) Gmixt_simultanee.Rd:21: Lost braces
21 | { \\sum{p=1 -> P} log( \\pi{p} f( y{ij} ; \\theta{p} ) ) }
| ^
checkRd: (-1) Gmixt_simultanee.Rd:21: Lost braces
21 | { \\sum{p=1 -> P} log( \\pi{p} f( y{ij} ; \\theta{p} ) ) }
| ^
checkRd: (-1) Gmixt_simultanee.Rd:21: Lost braces
21 | { \\sum{p=1 -> P} log( \\pi{p} f( y{ij} ; \\theta{p} ) ) }
| ^
checkRd: (-1) Gmixt_simultanee.Rd:21: Lost braces
21 | { \\sum{p=1 -> P} log( \\pi{p} f( y{ij} ; \\theta{p} ) ) }
| ^
checkRd: (-1) segclust2d.Rd:37: Lost braces
37 | Patin, R., Etienne, M. P., Lebarbier, E., Chamaill{\'e}-Jammes, S.,
| ^
Flavors: r-devel-linux-x86_64-debian-clang, r-devel-linux-x86_64-debian-gcc, r-devel-linux-x86_64-fedora-clang, r-devel-linux-x86_64-fedora-gcc, r-prerel-macos-arm64, r-prerel-windows-x86_64, r-patched-linux-x86_64