CRAN Package Check Results for Package seeds

Last updated on 2021-10-19 09:54:27 CEST.

Flavor Version Tinstall Tcheck Ttotal Status Flags
r-devel-linux-x86_64-debian-clang 0.9.1 7.21 69.74 76.95 OK
r-devel-linux-x86_64-debian-gcc 0.9.1 6.41 51.95 58.36 OK
r-devel-linux-x86_64-fedora-clang 0.9.1 103.07 NOTE
r-devel-linux-x86_64-fedora-gcc 0.9.1 90.66 NOTE
r-devel-windows-x86_64 0.9.1 14.00 81.00 95.00 OK
r-devel-windows-x86_64-gcc10-UCRT 0.9.1 NOTE
r-patched-linux-x86_64 0.9.1 11.82 65.68 77.50 OK
r-patched-solaris-x86 0.9.1 123.10 NOTE
r-release-linux-x86_64 0.9.1 8.43 65.60 74.03 OK
r-release-macos-arm64 0.9.1 NOTE
r-release-macos-x86_64 0.9.1 NOTE
r-release-windows-ix86+x86_64 0.9.1 29.00 93.00 122.00 OK
r-oldrel-macos-x86_64 0.9.1 NOTE
r-oldrel-windows-ix86+x86_64 0.9.1 17.00 88.00 105.00 OK

Check Details

Version: 0.9.1
Check: package dependencies
Result: NOTE
    Package suggested but not available for checking: ‘rsbml’
Flavors: r-devel-linux-x86_64-fedora-clang, r-devel-linux-x86_64-fedora-gcc, r-devel-windows-x86_64-gcc10-UCRT, r-patched-solaris-x86, r-release-macos-arm64, r-release-macos-x86_64, r-oldrel-macos-x86_64