CRAN Package Check Results for Package secr

Last updated on 2021-10-18 09:54:58 CEST.

Flavor Version Tinstall Tcheck Ttotal Status Flags
r-devel-linux-x86_64-debian-clang 4.4.5 297.59 485.78 783.37 NOTE
r-devel-linux-x86_64-debian-gcc 4.4.5 242.11 365.96 608.07 NOTE
r-devel-linux-x86_64-fedora-clang 4.4.7 1037.65 NOTE
r-devel-linux-x86_64-fedora-gcc 4.4.7 1190.87 NOTE
r-devel-windows-x86_64 4.4.5 447.00 529.00 976.00 NOTE
r-devel-windows-x86_64-gcc10-UCRT 4.4.5 NOTE
r-patched-linux-x86_64 4.4.5 291.24 490.30 781.54 NOTE
r-patched-solaris-x86 4.4.7 1154.40 NOTE
r-release-linux-x86_64 4.4.5 283.47 494.71 778.18 NOTE
r-release-macos-arm64 4.4.5 NOTE
r-release-macos-x86_64 4.4.5 NOTE
r-release-windows-ix86+x86_64 4.4.5 569.00 842.00 1411.00 NOTE
r-oldrel-macos-x86_64 4.4.5 NOTE
r-oldrel-windows-ix86+x86_64 4.4.5 775.00 685.00 1460.00 NOTE

Check Details

Version: 4.4.5
Check: for GNU extensions in Makefiles
Result: NOTE
    GNU make is a SystemRequirements.
Flavors: r-devel-linux-x86_64-debian-clang, r-devel-linux-x86_64-debian-gcc, r-devel-windows-x86_64, r-devel-windows-x86_64-gcc10-UCRT, r-patched-linux-x86_64, r-release-linux-x86_64, r-release-macos-arm64, r-release-macos-x86_64, r-release-windows-ix86+x86_64, r-oldrel-macos-x86_64, r-oldrel-windows-ix86+x86_64

Version: 4.4.7
Check: installed package size
Result: NOTE
     installed size is 18.0Mb
     sub-directories of 1Mb or more:
     R 1.5Mb
     libs 14.8Mb
Flavor: r-devel-linux-x86_64-fedora-clang

Version: 4.4.7
Check: for GNU extensions in Makefiles
Result: NOTE
    GNU make is a SystemRequirements.
Flavors: r-devel-linux-x86_64-fedora-clang, r-devel-linux-x86_64-fedora-gcc, r-patched-solaris-x86

Version: 4.4.5
Check: installed package size
Result: NOTE
     installed size is 20.6Mb
     sub-directories of 1Mb or more:
     R 2.0Mb
     libs 16.9Mb
Flavors: r-release-macos-arm64, r-release-macos-x86_64, r-release-windows-ix86+x86_64, r-oldrel-macos-x86_64, r-oldrel-windows-ix86+x86_64