CRAN Package Check Results for Package seasonalview

Last updated on 2021-10-20 09:55:22 CEST.

Flavor Version Tinstall Tcheck Ttotal Status Flags
r-devel-linux-x86_64-debian-clang 0.3 7.12 56.99 64.11 OK
r-devel-linux-x86_64-debian-gcc 0.3 4.99 43.57 48.56 OK
r-devel-linux-x86_64-fedora-clang 0.3 87.00 OK
r-devel-linux-x86_64-fedora-gcc 0.3 76.91 OK
r-devel-windows-x86_64 0.3 13.00 73.00 86.00 OK
r-devel-windows-x86_64-gcc10-UCRT 0.3 OK
r-patched-linux-x86_64 0.3 7.14 55.42 62.56 OK
r-patched-solaris-x86 0.3 5.40 ERROR
r-release-linux-x86_64 0.3 6.06 56.13 62.19 OK
r-release-macos-arm64 0.3 OK
r-release-macos-x86_64 0.3 OK
r-release-windows-ix86+x86_64 0.3 17.00 85.00 102.00 OK
r-oldrel-macos-x86_64 0.3 OK
r-oldrel-windows-ix86+x86_64 0.3 18.00 83.00 101.00 OK

Check Details

Version: 0.3
Check: package dependencies
Result: ERROR
    Package required but not available: ‘seasonal’
    
    See section ‘The DESCRIPTION file’ in the ‘Writing R Extensions’
    manual.
Flavor: r-patched-solaris-x86