CRAN Package Check Results for Package sdmApp

Last updated on 2021-07-25 09:50:34 CEST.

Flavor Version Tinstall Tcheck Ttotal Status Flags
r-devel-linux-x86_64-debian-clang 0.0.2 3.06 36.40 39.46 OK
r-devel-linux-x86_64-debian-gcc 0.0.2 2.27 28.64 30.91 OK
r-devel-linux-x86_64-fedora-clang 0.0.2 55.47 NOTE
r-devel-linux-x86_64-fedora-gcc 0.0.2 46.52 NOTE
r-devel-windows-x86_64 0.0.2 4.00 41.00 45.00 OK
r-devel-windows-x86_64-gcc10-UCRT 0.0.2 NOTE
r-patched-linux-x86_64 0.0.2 7.25 34.06 41.31 OK
r-patched-solaris-x86 0.0.2 69.80 NOTE
r-release-linux-x86_64 0.0.2 2.82 34.92 37.74 OK
r-release-macos-arm64 0.0.1 NOTE
r-release-macos-x86_64 0.0.2 NOTE
r-release-windows-ix86+x86_64 0.0.2 8.00 41.00 49.00 OK
r-oldrel-macos-x86_64 0.0.2 NOTE
r-oldrel-windows-ix86+x86_64 0.0.2 7.00 51.00 58.00 OK

Check Details

Version: 0.0.2
Check: dependencies in R code
Result: NOTE
    Namespace in Imports field not imported from: ‘sp’
     All declared Imports should be used.
Flavors: r-devel-linux-x86_64-fedora-clang, r-devel-linux-x86_64-fedora-gcc, r-devel-windows-x86_64-gcc10-UCRT, r-patched-solaris-x86, r-release-macos-x86_64, r-oldrel-macos-x86_64

Version: 0.0.2
Check: installed package size
Result: NOTE
     installed size is 5.1Mb
     sub-directories of 1Mb or more:
     docs 1.9Mb
     extdata 2.1Mb
Flavor: r-patched-solaris-x86

Version: 0.0.1
Check: dependencies in R code
Result: NOTE
    Namespaces in Imports field not imported from:
     ‘CENFA’ ‘DT’ ‘SSDM’ ‘biomod2’ ‘blockCV’ ‘data.table’ ‘dismo’
     ‘ggcorrplot’ ‘haven’ ‘kernlab’ ‘rJava’ ‘randomForest’ ‘readxl’
     ‘rgeos’ ‘rhandsontable’ ‘shinyBS’ ‘shinyFiles’ ‘sp’ ‘tidyverse’
     All declared Imports should be used.
Flavor: r-release-macos-arm64

Version: 0.0.1
Check: LazyData
Result: NOTE
     'LazyData' is specified without a 'data' directory
Flavor: r-release-macos-arm64