Last updated on 2024-04-23 10:54:16 CEST.
Flavor | Version | Tinstall | Tcheck | Ttotal | Status | Flags |
---|---|---|---|---|---|---|
r-devel-linux-x86_64-debian-clang | 5.7.8 | 111.21 | 143.69 | 254.90 | OK | |
r-devel-linux-x86_64-debian-gcc | 5.7.8 | 87.48 | 105.42 | 192.90 | OK | |
r-devel-linux-x86_64-fedora-clang | 5.7.8 | 361.35 | OK | |||
r-devel-linux-x86_64-fedora-gcc | 5.7.8 | 367.97 | OK | |||
r-prerel-macos-arm64 | 5.7.8 | 85.00 | NOTE | |||
r-prerel-macos-x86_64 | 5.7.8 | 235.00 | NOTE | |||
r-prerel-windows-x86_64 | 5.7.8 | 93.00 | 148.00 | 241.00 | OK | |
r-patched-linux-x86_64 | 5.7.8 | 90.29 | 140.15 | 230.44 | OK | |
r-release-linux-x86_64 | 5.7.8 | 107.41 | 134.28 | 241.69 | OK | |
r-release-macos-arm64 | 5.7.8 | 95.00 | NOTE | |||
r-release-macos-x86_64 | 5.7.8 | 293.00 | NOTE | |||
r-release-windows-x86_64 | 5.7.8 | 114.00 | 184.00 | 298.00 | OK | |
r-oldrel-macos-arm64 | 5.7.8 | 86.00 | NOTE | |||
r-oldrel-windows-x86_64 | 5.7.8 | 109.00 | 162.00 | 271.00 | OK |
Version: 5.7.8
Check: installed package size
Result: NOTE
installed size is 6.8Mb
sub-directories of 1Mb or more:
libs 3.9Mb
Flavors: r-prerel-macos-arm64, r-prerel-macos-x86_64, r-release-macos-arm64, r-release-macos-x86_64, r-oldrel-macos-arm64