Last updated on 2024-04-23 10:54:16 CEST.
Flavor | Version | Tinstall | Tcheck | Ttotal | Status | Flags |
---|---|---|---|---|---|---|
r-devel-linux-x86_64-debian-clang | 0.2.4 | 11.87 | 84.90 | 96.77 | NOTE | |
r-devel-linux-x86_64-debian-gcc | 0.2.4 | 10.13 | 63.27 | 73.40 | NOTE | |
r-devel-linux-x86_64-fedora-clang | 0.2.4 | 125.49 | NOTE | |||
r-devel-linux-x86_64-fedora-gcc | 0.2.4 | 135.43 | NOTE | |||
r-prerel-macos-arm64 | 0.2.4 | 67.00 | NOTE | |||
r-prerel-windows-x86_64 | 0.2.4 | 12.00 | 93.00 | 105.00 | NOTE | |
r-patched-linux-x86_64 | 0.2.4 | 19.55 | 79.55 | 99.10 | NOTE | |
r-release-linux-x86_64 | 0.2.4 | 8.06 | 80.22 | 88.28 | OK | |
r-release-macos-arm64 | 0.2.4 | 66.00 | OK | |||
r-release-macos-x86_64 | 0.2.4 | 83.00 | OK | |||
r-release-windows-x86_64 | 0.2.4 | 15.00 | 107.00 | 122.00 | OK | |
r-oldrel-macos-arm64 | 0.2.4 | 63.00 | OK | |||
r-oldrel-windows-x86_64 | 0.2.4 | 16.00 | 106.00 | 122.00 | OK |
Version: 0.2.4
Check: Rd files
Result: NOTE
checkRd: (-1) get_profile.Rd:22: Lost braces in \itemize; \value handles \item{}{} directly
checkRd: (-1) get_profile.Rd:23: Lost braces in \itemize; \value handles \item{}{} directly
checkRd: (-1) get_profile.Rd:24: Lost braces in \itemize; \value handles \item{}{} directly
checkRd: (-1) get_profile.Rd:25: Lost braces in \itemize; \value handles \item{}{} directly
checkRd: (-1) get_profile.Rd:26: Lost braces in \itemize; \value handles \item{}{} directly
Flavors: r-devel-linux-x86_64-debian-clang, r-devel-linux-x86_64-debian-gcc, r-devel-linux-x86_64-fedora-clang, r-devel-linux-x86_64-fedora-gcc, r-prerel-macos-arm64, r-prerel-windows-x86_64, r-patched-linux-x86_64