Last updated on 2024-04-22 10:56:37 CEST.
Flavor | Version | Tinstall | Tcheck | Ttotal | Status | Flags |
---|---|---|---|---|---|---|
r-devel-linux-x86_64-debian-clang | 0.2-6 | 4.39 | 38.97 | 43.36 | NOTE | |
r-devel-linux-x86_64-debian-gcc | 0.2-6 | 3.00 | 29.41 | 32.41 | NOTE | |
r-devel-linux-x86_64-fedora-clang | 0.2-6 | 54.49 | NOTE | |||
r-devel-linux-x86_64-fedora-gcc | 0.2-6 | 54.64 | NOTE | |||
r-prerel-macos-arm64 | 0.2-6 | 19.00 | NOTE | |||
r-prerel-windows-x86_64 | 0.2-6 | 3.00 | 47.00 | 50.00 | OK | |
r-patched-linux-x86_64 | 0.2-6 | 3.80 | 36.98 | 40.78 | NOTE | |
r-release-linux-x86_64 | 0.2-6 | 2.90 | 36.97 | 39.87 | OK | |
r-release-macos-arm64 | 0.2-6 | 21.00 | OK | |||
r-release-macos-x86_64 | 0.2-6 | 32.00 | OK | |||
r-release-windows-x86_64 | 0.2-6 | 3.00 | 51.00 | 54.00 | OK | |
r-oldrel-macos-arm64 | 0.2-6 | 21.00 | OK | |||
r-oldrel-windows-x86_64 | 0.2-6 | 6.00 | 56.00 | 62.00 | OK |
Version: 0.2-6
Check: DESCRIPTION meta-information
Result: NOTE
License stub is invalid DCF.
Flavors: r-devel-linux-x86_64-debian-clang, r-devel-linux-x86_64-debian-gcc, r-prerel-macos-arm64, r-patched-linux-x86_64
Version: 0.2-6
Check: DESCRIPTION meta-information
Result: NOTE
Licence stub is invalid DCF.
Flavors: r-devel-linux-x86_64-fedora-clang, r-devel-linux-x86_64-fedora-gcc