Last updated on 2024-04-18 10:50:02 CEST.
Flavor | Version | Tinstall | Tcheck | Ttotal | Status | Flags |
---|---|---|---|---|---|---|
r-devel-linux-x86_64-debian-clang | 0.0.1 | 8.67 | 79.57 | 88.24 | NOTE | |
r-devel-linux-x86_64-debian-gcc | 0.0.1 | 6.68 | 60.49 | 67.17 | NOTE | |
r-devel-linux-x86_64-fedora-clang | 0.0.1 | 116.18 | NOTE | |||
r-devel-linux-x86_64-fedora-gcc | 0.0.1 | 123.24 | NOTE | |||
r-prerel-macos-arm64 | 0.0.1 | 41.00 | NOTE | |||
r-prerel-windows-x86_64 | 0.0.1 | 7.00 | 75.00 | 82.00 | NOTE | |
r-patched-linux-x86_64 | 0.0.1 | 9.26 | 78.61 | 87.87 | NOTE | |
r-release-linux-x86_64 | 0.0.1 | 9.39 | 77.98 | 87.37 | NOTE | |
r-release-macos-arm64 | 0.0.1 | 42.00 | NOTE | |||
r-release-macos-x86_64 | 0.0.1 | 67.00 | NOTE | |||
r-release-windows-x86_64 | 0.0.1 | 10.00 | 89.00 | 99.00 | NOTE | |
r-oldrel-macos-arm64 | 0.0.1 | 31.00 | NOTE | |||
r-oldrel-windows-x86_64 | 0.0.1 | 10.00 | 88.00 | 98.00 | NOTE |
Version: 0.0.1
Check: LazyData
Result: NOTE
'LazyData' is specified without a 'data' directory
Flavors: r-devel-linux-x86_64-debian-clang, r-devel-linux-x86_64-debian-gcc, r-devel-linux-x86_64-fedora-clang, r-devel-linux-x86_64-fedora-gcc, r-prerel-macos-arm64, r-prerel-windows-x86_64, r-patched-linux-x86_64, r-release-linux-x86_64, r-release-macos-arm64, r-release-macos-x86_64, r-release-windows-x86_64, r-oldrel-macos-arm64, r-oldrel-windows-x86_64