CRAN Package Check Results for Package scDHA

Last updated on 2021-10-22 09:53:18 CEST.

Flavor Version Tinstall Tcheck Ttotal Status Flags
r-devel-linux-x86_64-debian-clang 1.1.2 47.06 118.51 165.57 OK
r-devel-linux-x86_64-debian-gcc 1.1.2 39.29 88.96 128.25 OK
r-devel-linux-x86_64-fedora-clang 1.1.2 229.25 NOTE
r-devel-linux-x86_64-fedora-gcc 1.1.2 210.35 OK
r-devel-windows-x86_64 1.1.2 72.00 125.00 197.00 OK
r-devel-windows-x86_64-gcc10-UCRT 1.1.2 ERROR
r-patched-linux-x86_64 1.1.2 47.28 112.30 159.58 OK
r-patched-solaris-x86 1.1.2 267.80 OK
r-release-linux-x86_64 1.1.2 49.14 112.54 161.68 OK
r-release-macos-arm64 1.1.2 NOTE
r-release-macos-x86_64 1.1.2 NOTE
r-release-windows-ix86+x86_64 1.1.2 95.00 191.00 286.00 NOTE
r-oldrel-macos-x86_64 1.1.2 NOTE
r-oldrel-windows-ix86+x86_64 1.1.2 128.00 199.00 327.00 NOTE

Check Details

Version: 1.1.2
Check: installed package size
Result: NOTE
     installed size is 6.0Mb
     sub-directories of 1Mb or more:
     data 3.2Mb
     libs 2.4Mb
Flavors: r-devel-linux-x86_64-fedora-clang, r-release-macos-arm64, r-release-macos-x86_64, r-release-windows-ix86+x86_64, r-oldrel-macos-x86_64, r-oldrel-windows-ix86+x86_64

Version: 1.1.2
Check: package dependencies
Result: ERROR
    Package required but not available: 'igraph'
    
    See section 'The DESCRIPTION file' in the 'Writing R Extensions'
    manual.
Flavor: r-devel-windows-x86_64-gcc10-UCRT