CRAN Package Check Results for Package sbtools

Last updated on 2021-06-17 10:53:09 CEST.

Flavor Version Tinstall Tcheck Ttotal Status Flags
r-devel-linux-x86_64-debian-clang 1.1.15 4.48 38.07 42.55 OK
r-devel-linux-x86_64-debian-gcc 1.1.15 2.85 29.57 32.42 OK
r-devel-linux-x86_64-fedora-clang 1.1.15 59.58 OK
r-devel-linux-x86_64-fedora-gcc 1.1.15 48.41 OK
r-devel-windows-x86_64 1.1.15 6.00 111.00 117.00 OK
r-devel-windows-x86_64-gcc10-UCRT 1.1.15 NOTE
r-patched-linux-x86_64 1.1.15 4.03 36.63 40.66 OK
r-patched-solaris-x86 1.1.15 75.60 OK
r-release-linux-x86_64 1.1.15 4.23 36.38 40.61 OK
r-release-macos-arm64 1.1.14 NOTE
r-release-macos-x86_64 1.1.15 OK
r-release-windows-ix86+x86_64 1.1.15 8.00 138.00 146.00 OK
r-oldrel-macos-x86_64 1.1.15 OK
r-oldrel-windows-ix86+x86_64 1.1.15 6.00 61.00 67.00 OK

Check Details

Version: 1.1.15
Check: package dependencies
Result: NOTE
    Package suggested but not available for checking: 'sf'
Flavor: r-devel-windows-x86_64-gcc10-UCRT

Version: 1.1.14
Check: package dependencies
Result: NOTE
    Package suggested but not available for checking: ‘sf’
Flavor: r-release-macos-arm64