Last updated on 2024-04-23 10:54:16 CEST.
Flavor | Version | Tinstall | Tcheck | Ttotal | Status | Flags |
---|---|---|---|---|---|---|
r-devel-linux-x86_64-debian-clang | 0.5.0 | 139.99 | 176.95 | 316.94 | NOTE | |
r-devel-linux-x86_64-debian-gcc | 0.5.0 | 103.74 | 130.26 | 234.00 | NOTE | |
r-devel-linux-x86_64-fedora-clang | 0.5.0 | 423.04 | NOTE | |||
r-devel-linux-x86_64-fedora-gcc | 0.5.0 | 423.55 | NOTE | |||
r-prerel-macos-arm64 | 0.5.0 | 106.00 | NOTE | |||
r-prerel-windows-x86_64 | 0.5.0 | 94.00 | 159.00 | 253.00 | NOTE | |
r-patched-linux-x86_64 | 0.5.0 | 96.60 | 169.99 | 266.59 | NOTE | |
r-release-linux-x86_64 | 0.5.0 | 88.81 | 166.61 | 255.42 | NOTE | |
r-release-macos-arm64 | 0.5.0 | 145.00 | NOTE | |||
r-release-macos-x86_64 | 0.5.0 | 245.00 | NOTE | |||
r-release-windows-x86_64 | 0.5.0 | 124.00 | 202.00 | 326.00 | NOTE | |
r-oldrel-macos-arm64 | 0.5.0 | 101.00 | NOTE | |||
r-oldrel-windows-x86_64 | 0.5.0 | 122.00 | 195.00 | 317.00 | NOTE |
Version: 0.5.0
Check: C++ specification
Result: NOTE
Specified C++11: please drop specification unless essential
Flavors: r-devel-linux-x86_64-debian-clang, r-devel-linux-x86_64-debian-gcc, r-devel-linux-x86_64-fedora-clang, r-devel-linux-x86_64-fedora-gcc, r-prerel-macos-arm64, r-prerel-windows-x86_64, r-patched-linux-x86_64, r-release-linux-x86_64, r-release-macos-arm64, r-release-macos-x86_64, r-release-windows-x86_64
Version: 0.5.0
Check: installed package size
Result: NOTE
installed size is 8.7Mb
sub-directories of 1Mb or more:
data 4.9Mb
libs 3.5Mb
Flavors: r-prerel-macos-arm64, r-prerel-windows-x86_64, r-release-macos-arm64, r-release-macos-x86_64, r-release-windows-x86_64, r-oldrel-macos-arm64, r-oldrel-windows-x86_64