Last updated on 2024-05-20 09:49:26 CEST.
Flavor | Version | Tinstall | Tcheck | Ttotal | Status | Flags |
---|---|---|---|---|---|---|
r-devel-linux-x86_64-debian-clang | 1.1.0 | 5.56 | 63.90 | 69.46 | OK | |
r-devel-linux-x86_64-debian-gcc | 1.1.0 | 5.22 | 47.77 | 52.99 | OK | |
r-devel-linux-x86_64-fedora-clang | 1.1.0 | 89.67 | NOTE | |||
r-devel-linux-x86_64-fedora-gcc | 1.1.0 | 96.35 | NOTE | |||
r-devel-windows-x86_64 | 1.1.0 | 6.00 | 66.00 | 72.00 | OK | |
r-patched-linux-x86_64 | 1.1.0 | 6.66 | 61.88 | 68.54 | OK | |
r-release-linux-x86_64 | 1.1.0 | 6.03 | 62.17 | 68.20 | OK | |
r-release-macos-arm64 | 1.1.0 | 41.00 | OK | |||
r-release-macos-x86_64 | 1.1.0 | 96.00 | OK | |||
r-release-windows-x86_64 | 1.1.0 | 8.00 | 65.00 | 73.00 | OK | |
r-oldrel-macos-arm64 | 1.1.0 | 38.00 | OK | |||
r-oldrel-macos-x86_64 | 1.1.0 | 77.00 | OK | |||
r-oldrel-windows-x86_64 | 1.1.0 | 8.00 | 74.00 | 82.00 | OK |
Version: 1.1.0
Check: dependencies in R code
Result: NOTE
Namespace in Imports field not imported from: ‘base’
All declared Imports should be used.
Flavors: r-devel-linux-x86_64-fedora-clang, r-devel-linux-x86_64-fedora-gcc