CRAN Package Check Results for Package salem

Last updated on 2021-08-04 09:55:09 CEST.

Flavor Version Tinstall Tcheck Ttotal Status Flags
r-devel-linux-x86_64-debian-clang 0.2.0 3.15 42.61 45.76 OK
r-devel-linux-x86_64-debian-gcc 0.2.0 2.34 31.46 33.80 OK
r-devel-linux-x86_64-fedora-clang 0.2.0 60.60 OK
r-devel-linux-x86_64-fedora-gcc 0.2.0 50.66 OK
r-devel-windows-x86_64 0.2.0 4.00 84.00 88.00 OK
r-devel-windows-x86_64-gcc10-UCRT 0.2.0 OK
r-patched-linux-x86_64 0.2.0 2.28 39.25 41.53 OK
r-patched-solaris-x86 0.2.0 73.10 OK
r-release-linux-x86_64 0.2.0 2.75 38.46 41.21 OK
r-release-macos-arm64 0.2.0 WARN
r-release-macos-x86_64 0.2.0 OK
r-release-windows-ix86+x86_64 0.2.0 6.00 84.00 90.00 OK
r-oldrel-macos-x86_64 0.2.0 OK
r-oldrel-windows-ix86+x86_64 0.2.0 5.00 62.00 67.00 OK

Check Details

Version: 0.2.0
Check: re-building of vignette outputs
Result: WARN
    Error(s) in re-building vignettes:
     ...
    --- re-building ‘introduction.Rmd’ using rmarkdown
    Warning in engine$weave(file, quiet = quiet, encoding = enc) :
     Pandoc (>= 1.12.3) not available. Falling back to R Markdown v1.
    --- finished re-building ‘introduction.Rmd’
    
    --- re-building ‘recreating_analyses.Rmd’ using rmarkdown
    Warning in engine$weave(file, quiet = quiet, encoding = enc) :
     Pandoc (>= 1.12.3) not available. Falling back to R Markdown v1.
    Quitting from lines 67-77 (recreating_analyses.Rmd)
    Error: processing vignette 'recreating_analyses.Rmd' failed with diagnostics:
    polygon edge not found
    --- failed re-building ‘recreating_analyses.Rmd’
    
    SUMMARY: processing the following file failed:
     ‘recreating_analyses.Rmd’
    
    Error: Vignette re-building failed.
    Execution halted
Flavor: r-release-macos-arm64