Last updated on 2024-05-04 09:49:48 CEST.
Flavor | Version | Tinstall | Tcheck | Ttotal | Status | Flags |
---|---|---|---|---|---|---|
r-devel-linux-x86_64-debian-clang | 0.11.0 | 11.69 | 139.40 | 151.09 | NOTE | |
r-devel-linux-x86_64-debian-gcc | 0.11.0 | 9.96 | 103.34 | 113.30 | NOTE | |
r-devel-linux-x86_64-fedora-clang | 0.11.0 | 191.47 | NOTE | |||
r-devel-linux-x86_64-fedora-gcc | 0.11.0 | 191.46 | NOTE | |||
r-devel-windows-x86_64 | 0.11.0 | 11.00 | 119.00 | 130.00 | NOTE | |
r-patched-linux-x86_64 | 0.11.0 | 17.11 | 132.37 | 149.48 | NOTE | |
r-release-linux-x86_64 | 0.11.0 | 13.33 | 131.93 | 145.26 | NOTE | |
r-release-macos-arm64 | 0.11.0 | 55.00 | NOTE | |||
r-release-windows-x86_64 | 0.11.0 | 11.00 | 120.00 | 131.00 | NOTE | |
r-oldrel-macos-arm64 | 0.11.0 | 63.00 | OK | |||
r-oldrel-macos-x86_64 | 0.11.0 | 111.00 | OK | |||
r-oldrel-windows-x86_64 | 0.11.0 | 14.00 | 149.00 | 163.00 | OK |
Version: 0.11.0
Check: Rd files
Result: NOTE
checkRd: (-1) sim_setup_preconfigured.Rd:24: Lost braces in \itemize; meant \describe ?
checkRd: (-1) sim_setup_preconfigured.Rd:25: Lost braces in \itemize; meant \describe ?
checkRd: (-1) sim_setup_preconfigured.Rd:26: Lost braces in \itemize; meant \describe ?
checkRd: (-1) sim_setup_preconfigured.Rd:27: Lost braces in \itemize; meant \describe ?
checkRd: (-1) sim_setup_preconfigured.Rd:28: Lost braces in \itemize; meant \describe ?
checkRd: (-1) sim_setup_preconfigured.Rd:29: Lost braces in \itemize; meant \describe ?
checkRd: (-1) sim_setup_preconfigured.Rd:30: Lost braces in \itemize; meant \describe ?
checkRd: (-1) sim_setup_preconfigured.Rd:31: Lost braces in \itemize; meant \describe ?
Flavors: r-devel-linux-x86_64-debian-clang, r-devel-linux-x86_64-debian-gcc, r-devel-linux-x86_64-fedora-clang, r-devel-linux-x86_64-fedora-gcc, r-devel-windows-x86_64, r-patched-linux-x86_64, r-release-linux-x86_64, r-release-macos-arm64, r-release-windows-x86_64
Version: 0.11.0
Check: Rd cross-references
Result: NOTE
Undeclared package ‘magrittr’ in Rd xrefs
Flavor: r-devel-linux-x86_64-fedora-clang