CRAN Package Check Results for Package s2

Last updated on 2021-09-21 09:53:04 CEST.

Flavor Version Tinstall Tcheck Ttotal Status Flags
r-devel-linux-x86_64-debian-clang 1.0.6 513.36 47.70 561.06 OK
r-devel-linux-x86_64-debian-gcc 1.0.6 371.11 37.20 408.31 WARN
r-devel-linux-x86_64-fedora-clang 1.0.6 832.81 NOTE
r-devel-linux-x86_64-fedora-gcc 1.0.6 781.98 OK
r-devel-windows-x86_64 1.0.6 458.00 82.00 540.00 NOTE
r-devel-windows-x86_64-gcc10-UCRT 1.0.6 ERROR
r-patched-linux-x86_64 1.0.6 440.75 46.21 486.96 OK
r-patched-solaris-x86 1.0.6 616.20 NOTE
r-release-linux-x86_64 1.0.6 440.62 47.15 487.77 OK
r-release-macos-arm64 1.0.6 NOTE
r-release-macos-x86_64 1.0.6 NOTE
r-release-windows-ix86+x86_64 1.0.6 1177.00 112.00 1289.00 NOTE
r-oldrel-macos-x86_64 1.0.6 NOTE
r-oldrel-windows-ix86+x86_64 1.0.6 1166.00 107.00 1273.00 NOTE

Additional issues

gcc11

Check Details

Version: 1.0.6
Check: whether package can be installed
Result: WARN
    Found the following significant warnings:
     ../inst/include/s2/util/gtl/btree.h:604:22: warning: array subscript [33, 287] is outside array bounds of ‘absl::container_internal::Allocate<8, std::allocator<int> >(std::allocator<int>*, size_t)::M [32]’ [-Warray-bounds]
     ../inst/include/s2/util/gtl/btree.h:597:58: warning: array subscript [32, 287] is outside array bounds of ‘absl::container_internal::Allocate<8, std::allocator<int> >(std::allocator<int>*, size_t)::M [32]’ [-Warray-bounds]
     ../inst/include/s2/util/gtl/btree.h:604:22: warning: array subscript [33, 287] is outside array bounds of ‘absl::container_internal::Allocate<8, std::allocator<S2ClosestEdgeQueryBase<S2MinDistance>::Result> >(std::allocator<S2ClosestEdgeQueryBase<S2MinDistance>::Result>*, size_t)::M [32]’ [-Warray-bounds]
     ../inst/include/s2/util/gtl/btree.h:597:58: warning: array subscript [32, 287] is outside array bounds of ‘absl::container_internal::Allocate<8, std::allocator<S2ClosestEdgeQueryBase<S2MinDistance>::Result> >(std::allocator<S2ClosestEdgeQueryBase<S2MinDistance>::Result>*, size_t)::M [32]’ [-Warray-bounds]
     ../inst/include/s2/util/gtl/btree.h:604:22: warning: array subscript [33, 287] is outside array bounds of ‘absl::container_internal::Allocate<8, std::allocator<std::pair<const int, int> > >(std::allocator<std::pair<const int, int> >*, size_t)::M [32]’ [-Warray-bounds]
     ../inst/include/s2/util/gtl/btree.h:597:58: warning: array subscript [32, 287] is outside array bounds of ‘absl::container_internal::Allocate<8, std::allocator<std::pair<const int, int> > >(std::allocator<std::pair<const int, int> >*, size_t)::M [32]’ [-Warray-bounds]
     ../inst/include/s2/util/gtl/btree.h:604:22: warning: array subscript [31, 285] is outside array bounds of ‘absl::container_internal::Allocate<8, std::allocator<std::pair<const Vector3<double>, int> > >(std::allocator<std::pair<const Vector3<double>, int> >*, size_t)::M [30]’ [-Warray-bounds]
     ../inst/include/s2/util/gtl/btree.h:597:58: warning: array subscript [30, 285] is outside array bounds of ‘absl::container_internal::Allocate<8, std::allocator<std::pair<const Vector3<double>, int> > >(std::allocator<std::pair<const Vector3<double>, int> >*, size_t)::M [30]’ [-Warray-bounds]
     ../inst/include/s2/util/gtl/btree.h:604:22: warning: array subscript [33, 287] is outside array bounds of ‘absl::container_internal::Allocate<8, std::allocator<std::pair<S2Loop* const, std::pair<int, bool> > > >(std::allocator<std::pair<S2Loop* const, std::pair<int, bool> > >*, size_t)::M [32]’ [-Warray-bounds]
     ../inst/include/s2/util/gtl/btree.h:597:58: warning: array subscript [32, 287] is outside array bounds of ‘absl::container_internal::Allocate<8, std::allocator<std::pair<S2Loop* const, std::pair<int, bool> > > >(std::allocator<std::pair<S2Loop* const, std::pair<int, bool> > >*, size_t)::M [32]’ [-Warray-bounds]
     ../inst/include/s2/util/gtl/btree.h:604:22: warning: array subscript [33, 287] is outside array bounds of ‘absl::container_internal::Allocate<8, std::allocator<S2ClosestEdgeQueryBase<S2MaxDistance>::Result> >(std::allocator<S2ClosestEdgeQueryBase<S2MaxDistance>::Result>*, size_t)::M [32]’ [-Warray-bounds]
     ../inst/include/s2/util/gtl/btree.h:597:58: warning: array subscript [32, 287] is outside array bounds of ‘absl::container_internal::Allocate<8, std::allocator<S2ClosestEdgeQueryBase<S2MaxDistance>::Result> >(std::allocator<S2ClosestEdgeQueryBase<S2MaxDistance>::Result>*, size_t)::M [32]’ [-Warray-bounds]
Flavor: r-devel-linux-x86_64-debian-gcc

Version: 1.0.6
Check: installed package size
Result: NOTE
     installed size is 32.3Mb
     sub-directories of 1Mb or more:
     include 2.5Mb
     libs 28.8Mb
Flavors: r-devel-linux-x86_64-fedora-clang, r-devel-windows-x86_64, r-patched-solaris-x86, r-release-macos-arm64, r-release-macos-x86_64, r-release-windows-ix86+x86_64, r-oldrel-macos-x86_64, r-oldrel-windows-ix86+x86_64

Version: 1.0.6
Check: whether package can be installed
Result: ERROR
    Installation failed.
Flavor: r-devel-windows-x86_64-gcc10-UCRT