Last updated on 2024-04-23 10:54:16 CEST.
Flavor | Version | Tinstall | Tcheck | Ttotal | Status | Flags |
---|---|---|---|---|---|---|
r-devel-linux-x86_64-debian-clang | 1.1.6 | 703.23 | 82.41 | 785.64 | NOTE | |
r-devel-linux-x86_64-debian-gcc | 1.1.6 | 620.74 | 54.00 | 674.74 | NOTE | |
r-devel-linux-x86_64-fedora-clang | 1.1.6 | 1361.64 | NOTE | |||
r-devel-linux-x86_64-fedora-gcc | 1.1.6 | 1302.45 | NOTE | |||
r-prerel-macos-arm64 | 1.1.6 | 188.00 | NOTE | |||
r-prerel-windows-x86_64 | 1.1.6 | 663.00 | 148.00 | 811.00 | NOTE | |
r-patched-linux-x86_64 | 1.1.6 | 764.44 | 70.50 | 834.94 | NOTE | |
r-release-linux-x86_64 | 1.1.6 | 780.87 | 70.19 | 851.06 | NOTE | |
r-release-macos-arm64 | 1.1.6 | 203.00 | NOTE | |||
r-release-macos-x86_64 | 1.1.6 | 202.00 | NOTE | |||
r-release-windows-x86_64 | 1.1.6 | 779.00 | 181.00 | 960.00 | NOTE | |
r-oldrel-macos-arm64 | 1.1.6 | 198.00 | NOTE | |||
r-oldrel-windows-x86_64 | 1.1.6 | 677.00 | 153.00 | 830.00 | NOTE |
Version: 1.1.6
Check: C++ specification
Result: NOTE
Specified C++11: please drop specification unless essential
Flavors: r-devel-linux-x86_64-debian-clang, r-devel-linux-x86_64-debian-gcc, r-devel-linux-x86_64-fedora-clang, r-devel-linux-x86_64-fedora-gcc, r-prerel-macos-arm64, r-prerel-windows-x86_64, r-patched-linux-x86_64, r-release-linux-x86_64, r-release-macos-arm64, r-release-macos-x86_64, r-release-windows-x86_64
Version: 1.1.6
Check: Rd cross-references
Result: NOTE
Undeclared package ‘sf’ in Rd xrefs
Flavor: r-devel-linux-x86_64-fedora-clang
Version: 1.1.6
Check: installed package size
Result: NOTE
installed size is 36.5Mb
sub-directories of 1Mb or more:
libs 35.4Mb
Flavors: r-prerel-macos-arm64, r-prerel-windows-x86_64, r-release-macos-arm64, r-release-macos-x86_64, r-release-windows-x86_64, r-oldrel-macos-arm64, r-oldrel-windows-x86_64