CRAN Package Check Results for Package rxylib

Last updated on 2021-10-21 09:55:05 CEST.

Flavor Version Tinstall Tcheck Ttotal Status Flags
r-devel-linux-x86_64-debian-clang 0.2.6 107.07 29.49 136.56 OK
r-devel-linux-x86_64-debian-gcc 0.2.6 80.78 22.55 103.33 OK
r-devel-linux-x86_64-fedora-clang 0.2.6 246.27 NOTE
r-devel-linux-x86_64-fedora-gcc 0.2.6 193.67 OK
r-devel-windows-x86_64 0.2.6 146.00 52.00 198.00 OK
r-devel-windows-x86_64-gcc10-UCRT 0.2.6 OK
r-patched-linux-x86_64 0.2.6 100.18 28.54 128.72 OK
r-patched-solaris-x86 0.2.6 169.10 OK
r-release-linux-x86_64 0.2.6 102.25 27.88 130.13 OK
r-release-macos-arm64 0.2.6 NOTE
r-release-macos-x86_64 0.2.6 NOTE
r-release-windows-ix86+x86_64 0.2.6 220.00 82.00 302.00 OK
r-oldrel-macos-x86_64 0.2.6 NOTE
r-oldrel-windows-ix86+x86_64 0.2.6 291.00 79.00 370.00 OK

Check Details

Version: 0.2.6
Check: installed package size
Result: NOTE
     installed size is 8.1Mb
     sub-directories of 1Mb or more:
     libs 7.7Mb
Flavors: r-devel-linux-x86_64-fedora-clang, r-release-macos-arm64, r-release-macos-x86_64, r-oldrel-macos-x86_64