CRAN Package Check Results for Package rtsdata

Last updated on 2021-09-25 09:54:05 CEST.

Flavor Version Tinstall Tcheck Ttotal Status Flags
r-devel-linux-x86_64-debian-clang 0.1.2 2.90 30.84 33.74 OK
r-devel-linux-x86_64-debian-gcc 0.1.2 2.50 24.35 26.85 OK
r-devel-linux-x86_64-fedora-clang 0.1.2 50.37 NOTE
r-devel-linux-x86_64-fedora-gcc 0.1.2 38.57 NOTE
r-devel-windows-x86_64 0.1.2 4.00 37.00 41.00 OK
r-devel-windows-x86_64-gcc10-UCRT 0.1.2 OK
r-patched-linux-x86_64 0.1.2 2.70 29.82 32.52 OK
r-patched-solaris-x86 0.1.2 59.00 NOTE
r-release-linux-x86_64 0.1.2 2.81 29.67 32.48 OK
r-release-macos-arm64 0.1.2 OK
r-release-macos-x86_64 0.1.2 OK
r-release-windows-ix86+x86_64 0.1.2 7.00 36.00 43.00 OK
r-oldrel-macos-x86_64 0.1.2 OK
r-oldrel-windows-ix86+x86_64 0.1.2 5.00 40.00 45.00 OK

Check Details

Version: 0.1.2
Check: package dependencies
Result: NOTE
    Package suggested but not available for checking: ‘RQuantLib’
Flavors: r-devel-linux-x86_64-fedora-clang, r-devel-linux-x86_64-fedora-gcc, r-patched-solaris-x86