CRAN Package Check Results for Package rtext

Last updated on 2021-09-17 09:53:36 CEST.

Flavor Version Tinstall Tcheck Ttotal Status Flags
r-devel-linux-x86_64-debian-clang 0.1.22 24.20 72.15 96.35 OK
r-devel-linux-x86_64-debian-gcc 0.1.22 16.51 56.17 72.68 OK
r-devel-linux-x86_64-fedora-clang 0.1.22 129.81 NOTE
r-devel-linux-x86_64-fedora-gcc 0.1.22 114.99 NOTE
r-devel-windows-x86_64 0.1.22 24.00 104.00 128.00 OK
r-devel-windows-x86_64-gcc10-UCRT 0.1.22 NOTE
r-patched-linux-x86_64 0.1.22 24.64 69.65 94.29 OK
r-patched-solaris-x86 0.1.22 216.70 NOTE
r-release-linux-x86_64 0.1.22 17.36 70.00 87.36 OK
r-release-macos-arm64 0.1.22 NOTE
r-release-macos-x86_64 0.1.22 NOTE
r-release-windows-ix86+x86_64 0.1.22 54.00 124.00 178.00 OK
r-oldrel-macos-x86_64 0.1.22 NOTE
r-oldrel-windows-ix86+x86_64 0.1.22 37.00 156.00 193.00 OK

Check Details

Version: 0.1.22
Check: dependencies in R code
Result: NOTE
    Namespaces in Imports field not imported from:
     ‘RSQLite’ ‘stats’
     All declared Imports should be used.
Flavors: r-devel-linux-x86_64-fedora-clang, r-devel-linux-x86_64-fedora-gcc, r-devel-windows-x86_64-gcc10-UCRT, r-patched-solaris-x86, r-release-macos-arm64, r-release-macos-x86_64, r-oldrel-macos-x86_64

Version: 0.1.22
Check: data for non-ASCII characters
Result: NOTE
     Note: found 2 marked UTF-8 strings
Flavors: r-devel-linux-x86_64-fedora-clang, r-devel-linux-x86_64-fedora-gcc, r-devel-windows-x86_64-gcc10-UCRT, r-patched-solaris-x86, r-release-macos-arm64, r-release-macos-x86_64, r-oldrel-macos-x86_64