CRAN Package Check Results for Package rsvg

Last updated on 2021-09-27 09:49:54 CEST.

Flavor Version Tinstall Tcheck Ttotal Status Flags
r-devel-linux-x86_64-debian-clang 2.1.2 3.19 31.09 34.28 OK
r-devel-linux-x86_64-debian-gcc 2.1.2 2.14 24.21 26.35 OK
r-devel-linux-x86_64-fedora-clang 2.1.2 51.25 OK
r-devel-linux-x86_64-fedora-gcc 2.1.2 39.69 OK
r-devel-windows-x86_64 2.1.2 19.00 99.00 118.00 NOTE
r-devel-windows-x86_64-gcc10-UCRT 2.1.2 OK
r-patched-linux-x86_64 2.1.2 2.82 28.60 31.42 OK
r-release-linux-x86_64 2.1.2 2.55 29.11 31.66 OK
r-release-macos-arm64 2.1.2 NOTE
r-release-macos-x86_64 2.1.2 NOTE
r-release-windows-ix86+x86_64 2.1.2 28.00 172.00 200.00 NOTE
r-oldrel-macos-x86_64 2.1.2 NOTE
r-oldrel-windows-ix86+x86_64 2.1.2 46.00 174.00 220.00 NOTE

Check Details

Version: 2.1.2
Check: installed package size
Result: NOTE
     installed size is 15.1Mb
     sub-directories of 1Mb or more:
     libs 14.7Mb
Flavors: r-devel-windows-x86_64, r-release-macos-arm64, r-release-macos-x86_64, r-release-windows-ix86+x86_64, r-oldrel-macos-x86_64, r-oldrel-windows-ix86+x86_64