CRAN Package Check Results for Package rstudioapi

Last updated on 2021-09-19 09:50:40 CEST.

Flavor Version Tinstall Tcheck Ttotal Status Flags
r-devel-linux-x86_64-debian-clang 0.13 3.45 34.94 38.39 OK
r-devel-linux-x86_64-debian-gcc 0.13 2.47 27.55 30.02 OK
r-devel-linux-x86_64-fedora-clang 0.13 54.65 OK
r-devel-linux-x86_64-fedora-gcc 0.13 44.91 OK
r-devel-windows-x86_64 0.13 7.00 74.00 81.00 OK
r-devel-windows-x86_64-gcc10-UCRT 0.13 ERROR
r-patched-linux-x86_64 0.13 4.18 36.90 41.08 OK
r-patched-solaris-x86 0.13 65.80 OK
r-release-linux-x86_64 0.13 3.27 36.13 39.40 OK
r-release-macos-arm64 0.13 OK
r-release-macos-x86_64 0.13 OK
r-release-windows-ix86+x86_64 0.13 9.00 46.00 55.00 OK
r-oldrel-macos-x86_64 0.13 OK
r-oldrel-windows-ix86+x86_64 0.13 7.00 44.00 51.00 OK

Check Details

Version: 0.13
Check: whether package can be installed
Result: WARN
    Found the following significant warnings:
     WARNING: installation-time patches will not be applied, could not get the patches index
Flavor: r-devel-windows-x86_64-gcc10-UCRT

Version: 0.13
Check: PDF version of manual
Result: WARN
    LaTeX errors when creating PDF version.
    This typically indicates Rd problems.
Flavor: r-devel-windows-x86_64-gcc10-UCRT

Version: 0.13
Check: PDF version of manual without hyperrefs or index
Result: ERROR
    Re-running with no redirection of stdout/stderr.
Flavor: r-devel-windows-x86_64-gcc10-UCRT