CRAN Package Check Results for Package rstantools

Last updated on 2021-09-23 10:53:45 CEST.

Flavor Version Tinstall Tcheck Ttotal Status Flags
r-devel-linux-x86_64-debian-clang 2.1.1 3.23 39.52 42.75 NOTE
r-devel-linux-x86_64-debian-gcc 2.1.1 2.50 31.01 33.51 NOTE
r-devel-linux-x86_64-fedora-clang 2.1.1 59.47 NOTE
r-devel-linux-x86_64-fedora-gcc 2.1.1 49.40 NOTE
r-devel-windows-x86_64 2.1.1 4.00 53.00 57.00 NOTE
r-devel-windows-x86_64-gcc10-UCRT 2.1.1 ERROR
r-patched-linux-x86_64 2.1.1 4.69 38.39 43.08 NOTE
r-patched-solaris-x86 2.1.1 77.00 NOTE
r-release-linux-x86_64 2.1.1 2.78 39.05 41.83 NOTE
r-release-macos-arm64 2.1.1 NOTE
r-release-macos-x86_64 2.1.1 NOTE
r-release-windows-ix86+x86_64 2.1.1 6.00 47.00 53.00 NOTE
r-oldrel-macos-x86_64 2.1.1 NOTE
r-oldrel-windows-ix86+x86_64 2.1.1 5.00 47.00 52.00 OK

Check Details

Version: 2.1.1
Check: LazyData
Result: NOTE
     'LazyData' is specified without a 'data' directory
Flavors: r-devel-linux-x86_64-debian-clang, r-devel-linux-x86_64-debian-gcc, r-devel-linux-x86_64-fedora-clang, r-devel-linux-x86_64-fedora-gcc, r-devel-windows-x86_64, r-patched-linux-x86_64, r-patched-solaris-x86, r-release-linux-x86_64, r-release-macos-arm64, r-release-macos-x86_64, r-release-windows-ix86+x86_64

Version: 2.1.1
Check: dependencies in R code
Result: NOTE
    Namespace in Imports field not imported from: ‘RcppParallel’
     All declared Imports should be used.
Flavors: r-devel-linux-x86_64-fedora-clang, r-devel-linux-x86_64-fedora-gcc, r-patched-solaris-x86, r-release-macos-arm64, r-release-macos-x86_64, r-oldrel-macos-x86_64

Version: 2.1.1
Check: package dependencies
Result: ERROR
    Package required but not available: 'RcppParallel'
    
    Packages suggested but not available for checking: 'rstan', 'roxygen2'
    
    See section 'The DESCRIPTION file' in the 'Writing R Extensions'
    manual.
Flavor: r-devel-windows-x86_64-gcc10-UCRT