CRAN Package Check Results for Package rstanarm

Last updated on 2021-07-25 09:50:33 CEST.

Flavor Version Tinstall Tcheck Ttotal Status Flags
r-devel-linux-x86_64-debian-clang 2.21.1 1654.79 577.00 2231.79 NOTE
r-devel-linux-x86_64-debian-gcc 2.21.1 1217.29 453.87 1671.16 NOTE
r-devel-linux-x86_64-fedora-clang 2.21.1 2898.09 NOTE
r-devel-linux-x86_64-fedora-gcc 2.21.1 2863.50 NOTE
r-devel-windows-x86_64 2.21.1 1031.00 240.00 1271.00 NOTE --no-examples --no-tests --no-vignettes
r-devel-windows-x86_64-gcc10-UCRT 2.21.1 ERROR
r-patched-linux-x86_64 2.21.1 1329.70 586.17 1915.87 NOTE
r-patched-solaris-x86 2.21.1 2637.40 NOTE
r-release-linux-x86_64 2.21.1 1297.34 587.01 1884.35 NOTE
r-release-macos-arm64 2.21.1 NOTE
r-release-macos-x86_64 2.21.1 NOTE
r-release-windows-ix86+x86_64 2.21.1 2593.00 343.00 2936.00 NOTE --no-examples --no-tests --no-vignettes
r-oldrel-macos-x86_64 2.21.1 NOTE
r-oldrel-windows-ix86+x86_64 2.21.1 2682.00 373.00 3055.00 NOTE --no-examples --no-tests --no-vignettes

Check Details

Version: 2.21.1
Check: for GNU extensions in Makefiles
Result: NOTE
    GNU make is a SystemRequirements.
Flavors: r-devel-linux-x86_64-debian-clang, r-devel-linux-x86_64-debian-gcc, r-devel-linux-x86_64-fedora-clang, r-devel-linux-x86_64-fedora-gcc, r-devel-windows-x86_64-gcc10-UCRT, r-patched-linux-x86_64, r-patched-solaris-x86, r-release-linux-x86_64, r-release-macos-arm64, r-release-macos-x86_64, r-oldrel-macos-x86_64

Version: 2.21.1
Check: installed package size
Result: NOTE
     installed size is 201.4Mb
     sub-directories of 1Mb or more:
     R 1.6Mb
     doc 4.5Mb
     libs 194.7Mb
Flavors: r-devel-linux-x86_64-fedora-clang, r-patched-solaris-x86, r-release-macos-arm64, r-release-macos-x86_64, r-oldrel-macos-x86_64

Version: 2.21.1
Check: dependencies in R code
Result: NOTE
    Namespace in Imports field not imported from: ‘RcppParallel’
     All declared Imports should be used.
Flavors: r-devel-linux-x86_64-fedora-clang, r-devel-linux-x86_64-fedora-gcc, r-devel-windows-x86_64-gcc10-UCRT, r-patched-solaris-x86, r-release-macos-arm64, r-release-macos-x86_64, r-oldrel-macos-x86_64

Version: 2.21.1
Check: Rd cross-references
Result: NOTE
    Undeclared packages ‘gamm4’, ‘shiny’, ‘biglm’ in Rd xrefs
Flavor: r-devel-linux-x86_64-fedora-clang

Version: 2.21.1
Flags: --no-examples --no-tests --no-vignettes
Check: installed package size
Result: NOTE
     installed size is 16.0Mb
     sub-directories of 1Mb or more:
     R 1.6Mb
     doc 4.5Mb
     libs 9.3Mb
Flavors: r-devel-windows-x86_64, r-release-windows-ix86+x86_64, r-oldrel-windows-ix86+x86_64

Version: 2.21.1
Flags: --no-examples --no-tests --no-vignettes
Check: for GNU extensions in Makefiles
Result: NOTE
    GNU make is a SystemRequirements.
Flavors: r-devel-windows-x86_64, r-release-windows-ix86+x86_64, r-oldrel-windows-ix86+x86_64

Version: 2.21.1
Check: line endings in C/C++/Fortran sources/headers
Result: NOTE
    Found the following sources/headers with CR or CRLF line endings:
     src/stan_files/bernoulli.hpp
     src/stan_files/binomial.hpp
     src/stan_files/continuous.hpp
     src/stan_files/count.hpp
     src/stan_files/jm.hpp
     src/stan_files/lm.hpp
     src/stan_files/mvmer.hpp
     src/stan_files/polr.hpp
    Some Unix compilers require LF line endings.
Flavor: r-devel-windows-x86_64-gcc10-UCRT

Version: 2.21.1
Check: tests
Result: ERROR
     Running 'testthat.R'
    Running the tests in 'tests/testthat.R' failed.
    Last 13 lines of output:
     C:\msys64\home\tomas\ucrt3\svn\ucrt3\r_packages\x86_64-w64-mingw32.static.posix\bin/ld.exe: file246e06e645dab.o:file246e06e645dab.cpp:(.text.startup+0x7a94): undefined reference to `tbb::internal::task_scheduler_observer_v3::observe(bool)'
     C:\msys64\home\tomas\ucrt3\svn\ucrt3\r_packages\x86_64-w64-mingw32.static.posix\bin/ld.exe: file246e06e645dab.o:file246e06e645dab.cpp:(.text.startup+0x7aba): undefined reference to `tbb::internal::task_scheduler_observer_v3::observe(bool)'
     C:\msys64\home\tomas\ucrt3\svn\ucrt3\r_packages\x86_64-w64-mingw32.static.posix\bin/ld.exe: file246e06e645dab.o:file246e06e645dab.cpp:(.text$_ZN3tbb8internal26task_scheduler_observer_v3D0Ev[_ZN3tbb8internal26task_scheduler_observer_v3D0Ev]+0x1d): undefined reference to `tbb::internal::task_scheduler_observer_v3::observe(bool)'
     C:\msys64\home\tomas\ucrt3\svn\ucrt3\r_packages\x86_64-w64-mingw32.static.posix\bin/ld.exe: file246e06e645dab.o:file246e06e645dab.cpp:(.text$_ZN3tbb10interface623task_scheduler_observerD1Ev[_ZN3tbb10interface623task_scheduler_observerD1Ev]+0x1d): more undefined references to `tbb::internal::task_scheduler_observer_v3::observe(bool)' follow
     collect2.exe: error: ld returned 1 exit status
     == Failed tests ================================================================
     -- Error (test_stan_functions.R:70:1): (code run outside of `test_that()`) -----
     Error: $ operator is invalid for atomic vectors
     Backtrace:
     x
     1. \-rstan::expose_stan_functions(stanc_ret, rebuild = TRUE, verbose = TRUE) test_stan_functions.R:70:0
    
     [ FAIL 1 | WARN 0 | SKIP 0 | PASS 1 ]
     Error: Test failures
     Execution halted
Flavor: r-devel-windows-x86_64-gcc10-UCRT