CRAN Package Check Results for Package rsoi

Last updated on 2021-09-19 09:50:40 CEST.

Flavor Version Tinstall Tcheck Ttotal Status Flags
r-devel-linux-x86_64-debian-clang 0.5.4 2.60 27.70 30.30 NOTE
r-devel-linux-x86_64-debian-gcc 0.5.4 2.42 21.31 23.73 NOTE
r-devel-linux-x86_64-fedora-clang 0.5.4 45.37 NOTE
r-devel-linux-x86_64-fedora-gcc 0.5.4 34.79 NOTE
r-devel-windows-x86_64 0.5.4 4.00 47.00 51.00 NOTE
r-devel-windows-x86_64-gcc10-UCRT 0.5.4 ERROR
r-patched-linux-x86_64 0.5.4 3.23 26.52 29.75 NOTE
r-patched-solaris-x86 0.5.4 52.60 NOTE
r-release-linux-x86_64 0.5.4 3.01 26.72 29.73 NOTE
r-release-macos-arm64 0.5.4 NOTE
r-release-macos-x86_64 0.5.4 NOTE
r-release-windows-ix86+x86_64 0.5.4 6.00 34.00 40.00 NOTE
r-oldrel-macos-x86_64 0.5.4 OK
r-oldrel-windows-ix86+x86_64 0.5.4 6.00 33.00 39.00 OK

Check Details

Version: 0.5.4
Check: LazyData
Result: NOTE
     'LazyData' is specified without a 'data' directory
Flavors: r-devel-linux-x86_64-debian-clang, r-devel-linux-x86_64-debian-gcc, r-devel-linux-x86_64-fedora-clang, r-devel-linux-x86_64-fedora-gcc, r-devel-windows-x86_64, r-devel-windows-x86_64-gcc10-UCRT, r-patched-linux-x86_64, r-patched-solaris-x86, r-release-linux-x86_64, r-release-macos-arm64, r-release-macos-x86_64, r-release-windows-ix86+x86_64

Version: 0.5.4
Check: whether package can be installed
Result: WARN
    Found the following significant warnings:
     WARNING: installation-time patches will not be applied, could not get the patches index
Flavor: r-devel-windows-x86_64-gcc10-UCRT

Version: 0.5.4
Check: PDF version of manual
Result: WARN
    LaTeX errors when creating PDF version.
    This typically indicates Rd problems.
Flavor: r-devel-windows-x86_64-gcc10-UCRT

Version: 0.5.4
Check: PDF version of manual without hyperrefs or index
Result: ERROR
    Re-running with no redirection of stdout/stderr.
Flavor: r-devel-windows-x86_64-gcc10-UCRT