CRAN Package Check Results for Package rscopus

Last updated on 2021-10-26 10:04:39 CEST.

Flavor Version Tinstall Tcheck Ttotal Status Flags
r-devel-linux-x86_64-debian-clang 0.6.6 7.40 65.31 72.71 NOTE
r-devel-linux-x86_64-debian-gcc 0.6.6 5.56 48.12 53.68 NOTE
r-devel-linux-x86_64-fedora-clang 0.6.6 96.65 NOTE
r-devel-linux-x86_64-fedora-gcc 0.6.6 84.68 NOTE
r-devel-windows-x86_64 0.6.6 12.00 95.00 107.00 NOTE
r-devel-windows-x86_64-gcc10-UCRT 0.6.6 NOTE
r-patched-linux-x86_64 0.6.6 15.41 62.34 77.75 NOTE
r-patched-solaris-x86 0.6.6 113.00 NOTE
r-release-linux-x86_64 0.6.6 7.73 62.16 69.89 NOTE
r-release-macos-arm64 0.6.6 NOTE
r-release-macos-x86_64 0.6.6 NOTE
r-release-windows-ix86+x86_64 0.6.6 13.00 82.00 95.00 NOTE
r-oldrel-macos-x86_64 0.6.6 OK
r-oldrel-windows-ix86+x86_64 0.6.6 17.00 96.00 113.00 OK

Check Details

Version: 0.6.6
Check: LazyData
Result: NOTE
     'LazyData' is specified without a 'data' directory
Flavors: r-devel-linux-x86_64-debian-clang, r-devel-linux-x86_64-debian-gcc, r-devel-linux-x86_64-fedora-clang, r-devel-linux-x86_64-fedora-gcc, r-devel-windows-x86_64, r-devel-windows-x86_64-gcc10-UCRT, r-patched-linux-x86_64, r-patched-solaris-x86, r-release-linux-x86_64, r-release-macos-arm64, r-release-macos-x86_64, r-release-windows-ix86+x86_64