CRAN Package Check Results for Package rosetta

Last updated on 2021-09-22 09:52:45 CEST.

Flavor Version Tinstall Tcheck Ttotal Status Flags
r-devel-linux-x86_64-debian-clang 0.3.6 15.12 108.59 123.71 OK
r-devel-linux-x86_64-debian-gcc 0.3.6 12.44 78.82 91.26 OK
r-devel-linux-x86_64-fedora-clang 0.3.6 149.18 NOTE
r-devel-linux-x86_64-fedora-gcc 0.3.6 137.61 NOTE
r-devel-windows-x86_64 0.3.6 19.00 104.00 123.00 OK
r-devel-windows-x86_64-gcc10-UCRT 0.3.6 ERROR
r-patched-linux-x86_64 0.3.6 21.77 101.31 123.08 OK
r-patched-solaris-x86 0.3.6 186.60 NOTE
r-release-linux-x86_64 0.3.6 14.74 102.06 116.80 OK
r-release-macos-arm64 0.3.6 NOTE
r-release-macos-x86_64 0.3.6 NOTE
r-release-windows-ix86+x86_64 0.3.6 29.00 99.00 128.00 OK
r-oldrel-macos-x86_64 0.3.6 NOTE
r-oldrel-windows-ix86+x86_64 0.3.6 22.00 99.00 121.00 OK

Check Details

Version: 0.3.6
Check: dependencies in R code
Result: NOTE
    Namespaces in Imports field not imported from:
     ‘diptest’ ‘methods’ ‘viridis’
     All declared Imports should be used.
Flavors: r-devel-linux-x86_64-fedora-clang, r-devel-linux-x86_64-fedora-gcc, r-patched-solaris-x86, r-release-macos-arm64, r-release-macos-x86_64, r-oldrel-macos-x86_64

Version: 0.3.6
Check: package dependencies
Result: ERROR
    Packages required but not available: 'ufs', 'kableExtra'
    
    Package suggested but not available for checking: 'MBESS'
    
    See section 'The DESCRIPTION file' in the 'Writing R Extensions'
    manual.
Flavor: r-devel-windows-x86_64-gcc10-UCRT