CRAN Package Check Results for Package rosetta

Last updated on 2022-01-20 10:52:39 CET.

Flavor Version Tinstall Tcheck Ttotal Status Flags
r-devel-linux-x86_64-debian-clang 0.3.9 OK
r-devel-linux-x86_64-debian-gcc 0.3.9 11.65 88.18 99.83 OK
r-devel-linux-x86_64-fedora-clang 0.3.9 168.72 NOTE
r-devel-linux-x86_64-fedora-gcc 0.3.9 144.84 NOTE
r-devel-windows-x86_64-new-UL 0.3.9 87.00 143.00 230.00 OK
r-devel-windows-x86_64-new-TK 0.3.9 NOTE
r-patched-linux-x86_64 0.3.9 20.77 110.38 131.15 OK
r-release-linux-x86_64 0.3.9 12.69 113.18 125.87 OK
r-release-macos-arm64 0.3.9 NOTE
r-release-macos-x86_64 0.3.9 NOTE
r-release-windows-ix86+x86_64 0.3.9 29.00 133.00 162.00 OK
r-oldrel-macos-x86_64 0.3.9 NOTE
r-oldrel-windows-ix86+x86_64 0.3.9 30.00 134.00 164.00 OK

Check Details

Version: 0.3.9
Check: dependencies in R code
Result: NOTE
    Namespaces in Imports field not imported from:
     ‘diptest’ ‘methods’ ‘viridis’
     All declared Imports should be used.
Flavors: r-devel-linux-x86_64-fedora-clang, r-devel-linux-x86_64-fedora-gcc, r-devel-windows-x86_64-new-TK, r-release-macos-arm64, r-release-macos-x86_64, r-oldrel-macos-x86_64