CRAN Package Check Results for Package roptions

Last updated on 2021-10-23 10:57:05 CEST.

Flavor Version Tinstall Tcheck Ttotal Status Flags
r-devel-linux-x86_64-debian-clang 1.0.3 6.21 60.64 66.85 NOTE
r-devel-linux-x86_64-debian-gcc 1.0.3 5.40 44.49 49.89 NOTE
r-devel-linux-x86_64-fedora-clang 1.0.3 91.47 NOTE
r-devel-linux-x86_64-fedora-gcc 1.0.3 78.24 NOTE
r-devel-windows-x86_64 1.0.3 12.00 62.00 74.00 NOTE
r-devel-windows-x86_64-gcc10-UCRT 1.0.3 NOTE
r-patched-linux-x86_64 1.0.3 6.41 56.91 63.32 NOTE
r-patched-solaris-x86 1.0.3 111.20 NOTE
r-release-linux-x86_64 1.0.3 6.71 56.48 63.19 NOTE
r-release-macos-arm64 1.0.3 NOTE
r-release-macos-x86_64 1.0.3 NOTE
r-release-windows-ix86+x86_64 1.0.3 11.00 83.00 94.00 NOTE
r-oldrel-macos-x86_64 1.0.3 OK
r-oldrel-windows-ix86+x86_64 1.0.3 17.00 88.00 105.00 OK

Check Details

Version: 1.0.3
Check: LazyData
Result: NOTE
     'LazyData' is specified without a 'data' directory
Flavors: r-devel-linux-x86_64-debian-clang, r-devel-linux-x86_64-debian-gcc, r-devel-linux-x86_64-fedora-clang, r-devel-linux-x86_64-fedora-gcc, r-devel-windows-x86_64, r-devel-windows-x86_64-gcc10-UCRT, r-patched-linux-x86_64, r-patched-solaris-x86, r-release-linux-x86_64, r-release-macos-arm64, r-release-macos-x86_64, r-release-windows-ix86+x86_64