Last updated on 2024-05-05 10:53:37 CEST.
Flavor | Version | Tinstall | Tcheck | Ttotal | Status | Flags |
---|---|---|---|---|---|---|
r-devel-linux-x86_64-debian-clang | 1.0.0 | 1.97 | 60.41 | 62.38 | NOTE | |
r-devel-linux-x86_64-debian-gcc | 1.0.0 | 2.01 | 44.40 | 46.41 | NOTE | |
r-devel-linux-x86_64-fedora-clang | 1.0.0 | 77.61 | NOTE | |||
r-devel-linux-x86_64-fedora-gcc | 1.0.0 | 74.29 | NOTE | |||
r-devel-windows-x86_64 | 1.0.0 | 3.00 | 62.00 | 65.00 | NOTE | |
r-patched-linux-x86_64 | 1.0.0 | 2.52 | 58.95 | 61.47 | NOTE | |
r-release-linux-x86_64 | 1.0.0 | 1.97 | 58.01 | 59.98 | NOTE | |
r-release-macos-arm64 | 1.0.0 | 24.00 | NOTE | |||
r-release-windows-x86_64 | 1.0.0 | 3.00 | 64.00 | 67.00 | NOTE | |
r-oldrel-macos-arm64 | 1.0.0 | 26.00 | NOTE | |||
r-oldrel-macos-x86_64 | 1.0.0 | 42.00 | NOTE | |||
r-oldrel-windows-x86_64 | 1.0.0 | 3.00 | 71.00 | 74.00 | NOTE |
Version: 1.0.0
Check: LazyData
Result: NOTE
'LazyData' is specified without a 'data' directory
Flavors: r-devel-linux-x86_64-debian-clang, r-devel-linux-x86_64-debian-gcc, r-devel-linux-x86_64-fedora-clang, r-devel-linux-x86_64-fedora-gcc, r-devel-windows-x86_64, r-patched-linux-x86_64, r-release-linux-x86_64, r-release-macos-arm64, r-release-windows-x86_64, r-oldrel-macos-arm64, r-oldrel-macos-x86_64, r-oldrel-windows-x86_64