Last updated on 2024-04-25 08:00:05 CEST.
Flavor | Version | Tinstall | Tcheck | Ttotal | Status | Flags |
---|---|---|---|---|---|---|
r-devel-linux-x86_64-debian-clang | 0.1 | 24.78 | 64.32 | 89.10 | OK | |
r-devel-linux-x86_64-debian-gcc | 0.1 | 19.11 | 52.88 | 71.99 | OK | |
r-devel-linux-x86_64-fedora-clang | 0.1 | 121.22 | NOTE | |||
r-devel-linux-x86_64-fedora-gcc | 0.1 | 118.91 | OK | |||
r-devel-windows-x86_64 | 0.1 | 24.00 | 66.00 | 90.00 | NOTE | |
r-patched-linux-x86_64 | 0.1 | 22.49 | 64.95 | 87.44 | OK | |
r-release-linux-x86_64 | 0.1 | 22.79 | 71.09 | 93.88 | OK | |
r-release-macos-arm64 | 0.1 | 42.00 | NOTE | |||
r-release-windows-x86_64 | 0.1 | 25.00 | 65.00 | 90.00 | NOTE | |
r-oldrel-macos-arm64 | 0.1 | 47.00 | NOTE | |||
r-oldrel-macos-x86_64 | 0.1 | 81.00 | NOTE | |||
r-oldrel-windows-x86_64 | 0.1 | 31.00 | 69.00 | 100.00 | NOTE |
Version: 0.1
Check: installed package size
Result: NOTE
installed size is 6.0Mb
sub-directories of 1Mb or more:
R 3.2Mb
extdata 2.7Mb
Flavors: r-devel-linux-x86_64-fedora-clang, r-devel-windows-x86_64, r-release-macos-arm64, r-release-windows-x86_64, r-oldrel-macos-arm64, r-oldrel-macos-x86_64, r-oldrel-windows-x86_64