Last updated on 2024-04-23 10:54:15 CEST.
Flavor | Version | Tinstall | Tcheck | Ttotal | Status | Flags |
---|---|---|---|---|---|---|
r-devel-linux-x86_64-debian-clang | 2.1.0.5 | 11.06 | 183.37 | 194.43 | OK | |
r-devel-linux-x86_64-debian-gcc | 2.1.0.5 | 7.63 | 138.98 | 146.61 | OK | |
r-devel-linux-x86_64-fedora-clang | 2.1.0.5 | 240.33 | OK | |||
r-devel-linux-x86_64-fedora-gcc | 2.1.0.5 | 242.24 | NOTE | |||
r-prerel-macos-arm64 | 2.1.0.5 | 108.00 | OK | |||
r-prerel-macos-x86_64 | 2.1.0.5 | 220.00 | OK | |||
r-prerel-windows-x86_64 | 2.1.0.5 | 10.00 | 165.00 | 175.00 | OK | |
r-patched-linux-x86_64 | 2.1.0.5 | 8.90 | 183.20 | 192.10 | OK | |
r-release-linux-x86_64 | 2.1.0.5 | 6.26 | 187.84 | 194.10 | OK | |
r-release-macos-arm64 | 2.1.0.5 | 126.00 | OK | |||
r-release-macos-x86_64 | 2.1.0.5 | 185.00 | OK | |||
r-release-windows-x86_64 | 2.1.0.5 | 12.00 | 192.00 | 204.00 | OK | |
r-oldrel-macos-arm64 | 2.1.0.5 | 129.00 | OK | |||
r-oldrel-windows-x86_64 | 2.1.0.5 | 13.00 | 198.00 | 211.00 | OK |
Version: 2.1.0.5
Check: for non-standard things in the check directory
Result: NOTE
Found the following files/directories:
‘DT’ ‘devtools’ ‘dygraphs’ ‘leaflet’
Flavor: r-devel-linux-x86_64-fedora-gcc