CRAN Package Check Results for Package rnn

Last updated on 2021-12-06 09:53:39 CET.

Flavor Version Tinstall Tcheck Ttotal Status Flags
r-devel-linux-x86_64-debian-clang 1.4.0 4.82 258.88 263.70 NOTE
r-devel-linux-x86_64-debian-gcc 1.4.0 4.17 173.16 177.33 NOTE
r-devel-linux-x86_64-fedora-clang 1.4.0 307.35 NOTE
r-devel-linux-x86_64-fedora-gcc 1.4.0 290.14 NOTE
r-devel-windows-x86_64-new-UL 1.4.0 15.00 287.00 302.00 NOTE
r-devel-windows-x86_64-new-TK 1.4.0 NOTE
r-devel-windows-x86_64-old 1.4.0 9.00 241.00 250.00 NOTE
r-patched-linux-x86_64 1.4.0 5.51 238.90 244.41 NOTE
r-release-linux-x86_64 1.4.0 5.76 248.41 254.17 NOTE
r-release-macos-arm64 1.4.0 NOTE
r-release-macos-x86_64 1.4.0 NOTE
r-release-windows-ix86+x86_64 1.4.0 12.00 301.00 313.00 NOTE
r-oldrel-macos-x86_64 1.4.0 OK
r-oldrel-windows-ix86+x86_64 1.4.0 12.00 289.00 301.00 OK

Check Details

Version: 1.4.0
Check: LazyData
Result: NOTE
     'LazyData' is specified without a 'data' directory
Flavors: r-devel-linux-x86_64-debian-clang, r-devel-linux-x86_64-debian-gcc, r-devel-linux-x86_64-fedora-clang, r-devel-linux-x86_64-fedora-gcc, r-devel-windows-x86_64-new-UL, r-devel-windows-x86_64-new-TK, r-devel-windows-x86_64-old, r-patched-linux-x86_64, r-release-linux-x86_64, r-release-macos-arm64, r-release-macos-x86_64, r-release-windows-ix86+x86_64