CRAN Package Check Results for Package rmumps

Last updated on 2021-09-17 09:53:35 CEST.

Flavor Version Tinstall Tcheck Ttotal Status Flags
r-devel-linux-x86_64-debian-clang 5.2.1-14 248.93 68.27 317.20 NOTE
r-devel-linux-x86_64-debian-gcc 5.2.1-14 195.17 50.10 245.27 NOTE
r-devel-linux-x86_64-fedora-clang 5.2.1-14 450.39 NOTE
r-devel-linux-x86_64-fedora-gcc 5.2.1-14 430.35 NOTE
r-devel-windows-x86_64 5.2.1-14 244.00 100.00 344.00 NOTE
r-devel-windows-x86_64-gcc10-UCRT 5.2.1-14 NOTE
r-patched-linux-x86_64 5.2.1-14 216.74 63.24 279.98 NOTE
r-patched-solaris-x86 5.2.1-14 370.70 NOTE
r-release-linux-x86_64 5.2.1-14 217.52 64.15 281.67 NOTE
r-release-macos-arm64 5.2.1-14 NOTE
r-release-macos-x86_64 5.2.1-14 NOTE
r-release-windows-ix86+x86_64 5.2.1-14 676.00 111.00 787.00 NOTE
r-oldrel-macos-x86_64 5.2.1-14 NOTE
r-oldrel-windows-ix86+x86_64 5.2.1-14 527.00 143.00 670.00 NOTE

Check Details

Version: 5.2.1-14
Check: for GNU extensions in Makefiles
Result: NOTE
    GNU make is a SystemRequirements.
Flavors: r-devel-linux-x86_64-debian-clang, r-devel-linux-x86_64-debian-gcc, r-devel-linux-x86_64-fedora-clang, r-devel-linux-x86_64-fedora-gcc, r-devel-windows-x86_64, r-devel-windows-x86_64-gcc10-UCRT, r-patched-linux-x86_64, r-patched-solaris-x86, r-release-linux-x86_64, r-release-macos-arm64, r-release-macos-x86_64, r-release-windows-ix86+x86_64, r-oldrel-macos-x86_64, r-oldrel-windows-ix86+x86_64

Version: 5.2.1-14
Check: installed package size
Result: NOTE
     installed size is 12.8Mb
     sub-directories of 1Mb or more:
     libs 12.4Mb
Flavors: r-devel-linux-x86_64-fedora-clang, r-release-macos-arm64, r-release-macos-x86_64, r-release-windows-ix86+x86_64, r-oldrel-macos-x86_64, r-oldrel-windows-ix86+x86_64

Version: 5.2.1-14
Check: line endings in C/C++/Fortran sources/headers
Result: NOTE
    Found the following sources/headers with CR or CRLF line endings:
     src/lib/scotch_6.0.9/include/scotch.h
     src/lib/scotch_6.0.9/include/scotchf.h
     src/lib/scotch_6.0.9/src/libscotch/scotch.h
     src/lib/scotch_6.0.9/src/libscotch/scotchf.h
    Some Unix compilers require LF line endings.
Flavor: r-devel-windows-x86_64-gcc10-UCRT