Last updated on 2024-04-26 09:52:11 CEST.
Flavor | Version | Tinstall | Tcheck | Ttotal | Status | Flags |
---|---|---|---|---|---|---|
r-devel-linux-x86_64-debian-clang | 0.0.3 | 1.56 | 19.78 | 21.34 | OK | |
r-devel-linux-x86_64-debian-gcc | 0.0.3 | 1.57 | 15.36 | 16.93 | OK | |
r-devel-linux-x86_64-fedora-clang | 0.0.3 | 27.51 | NOTE | |||
r-devel-linux-x86_64-fedora-gcc | 0.0.3 | 26.41 | OK | |||
r-devel-windows-x86_64 | 0.0.3 | 3.00 | 34.00 | 37.00 | OK | |
r-patched-linux-x86_64 | 0.0.3 | 1.81 | 18.48 | 20.29 | OK | |
r-release-linux-x86_64 | 0.0.3 | 1.47 | 19.34 | 20.81 | OK | |
r-release-macos-arm64 | 0.0.3 | 13.00 | OK | |||
r-release-windows-x86_64 | 0.0.3 | 2.00 | 34.00 | 36.00 | OK | |
r-oldrel-macos-arm64 | 0.0.3 | 15.00 | OK | |||
r-oldrel-macos-x86_64 | 0.0.3 | 17.00 | OK | |||
r-oldrel-windows-x86_64 | 0.0.3 | 3.00 | 35.00 | 38.00 | OK |
Version: 0.0.3
Check: Rd cross-references
Result: NOTE
Undeclared package ‘fortunes’ in Rd xrefs
Flavor: r-devel-linux-x86_64-fedora-clang