CRAN Package Check Results for Package rmsfact

Last updated on 2021-10-21 09:55:04 CEST.

Flavor Version Tinstall Tcheck Ttotal Status Flags
r-devel-linux-x86_64-debian-clang 0.0.3 1.63 18.02 19.65 OK
r-devel-linux-x86_64-debian-gcc 0.0.3 1.50 14.48 15.98 OK
r-devel-linux-x86_64-fedora-clang 0.0.3 35.50 NOTE
r-devel-linux-x86_64-fedora-gcc 0.0.3 24.91 OK
r-devel-windows-x86_64 0.0.3 4.00 26.00 30.00 OK
r-devel-windows-x86_64-gcc10-UCRT 0.0.3 OK
r-patched-linux-x86_64 0.0.3 1.67 17.65 19.32 OK
r-patched-solaris-x86 0.0.3 39.50 OK
r-release-linux-x86_64 0.0.3 1.52 17.62 19.14 OK
r-release-macos-arm64 0.0.3 OK
r-release-macos-x86_64 0.0.3 OK
r-release-windows-ix86+x86_64 0.0.3 4.00 21.00 25.00 OK
r-oldrel-macos-x86_64 0.0.3 OK
r-oldrel-windows-ix86+x86_64 0.0.3 5.00 23.00 28.00 OK

Check Details

Version: 0.0.3
Check: Rd cross-references
Result: NOTE
    Undeclared package ‘fortunes’ in Rd xrefs
Flavor: r-devel-linux-x86_64-fedora-clang