CRAN Package Check Results for Package rminizinc

Last updated on 2021-10-18 09:54:56 CEST.

Flavor Version Tinstall Tcheck Ttotal Status Flags
r-devel-linux-x86_64-debian-clang 0.0.8 65.62 64.75 130.37 OK
r-devel-linux-x86_64-debian-gcc 0.0.8 46.21 49.17 95.38 OK
r-devel-linux-x86_64-fedora-clang 0.0.8 195.36 NOTE
r-devel-linux-x86_64-fedora-gcc 0.0.8 171.48 OK
r-devel-windows-x86_64 0.0.7 87.00 80.00 167.00 NOTE
r-devel-windows-x86_64-gcc10-UCRT 0.0.7 OK
r-patched-linux-x86_64 0.0.7 60.28 60.62 120.90 WARN
r-patched-solaris-x86 0.0.8 156.30 OK
r-release-linux-x86_64 0.0.8 58.87 61.27 120.14 OK
r-release-macos-arm64 0.0.7 NOTE
r-release-macos-x86_64 0.0.8 NOTE
r-release-windows-ix86+x86_64 0.0.7 128.00 118.00 246.00 NOTE
r-oldrel-macos-x86_64 0.0.8 NOTE
r-oldrel-windows-ix86+x86_64 0.0.8 104.00 83.00 187.00 NOTE

Check Details

Version: 0.0.8
Check: installed package size
Result: NOTE
     installed size is 6.9Mb
     sub-directories of 1Mb or more:
     libs 1.1Mb
     minizinc 3.4Mb
Flavors: r-devel-linux-x86_64-fedora-clang, r-release-macos-x86_64, r-oldrel-macos-x86_64, r-oldrel-windows-ix86+x86_64

Version: 0.0.7
Check: installed package size
Result: NOTE
     installed size is 5.5Mb
     sub-directories of 1Mb or more:
     minizinc 2.2Mb
Flavors: r-devel-windows-x86_64, r-release-macos-arm64, r-release-windows-ix86+x86_64

Version: 0.0.7
Check: top-level files
Result: WARN
     Output from running autoreconf:
     configure.ac:39: warning: The macro `AC_HELP_STRING' is obsolete.
     configure.ac:39: You should run autoupdate.
     ./lib/autoconf/general.m4:204: AC_HELP_STRING is expanded from...
     ./lib/autoconf/general.m4:1553: AC_ARG_WITH is expanded from...
     configure.ac:39: the top level
     configure.ac:127: warning: The macro `AC_HELP_STRING' is obsolete.
     configure.ac:127: You should run autoupdate.
     ./lib/autoconf/general.m4:204: AC_HELP_STRING is expanded from...
     ./lib/autoconf/general.m4:1553: AC_ARG_WITH is expanded from...
     configure.ac:127: the top level
Flavor: r-patched-linux-x86_64