CRAN Package Check Results for Package rmdpartials

Last updated on 2021-07-25 09:50:32 CEST.

Flavor Version Tinstall Tcheck Ttotal Status Flags
r-devel-linux-x86_64-debian-clang 0.5.8 2.40 29.33 31.73 NOTE
r-devel-linux-x86_64-debian-gcc 0.5.8 1.81 22.85 24.66 NOTE
r-devel-linux-x86_64-fedora-clang 0.5.8 47.33 NOTE
r-devel-linux-x86_64-fedora-gcc 0.5.8 36.68 NOTE
r-devel-windows-x86_64 0.5.8 4.00 36.00 40.00 NOTE
r-devel-windows-x86_64-gcc10-UCRT 0.5.8 NOTE
r-patched-linux-x86_64 0.5.8 2.32 27.86 30.18 NOTE
r-patched-solaris-x86 0.5.8 53.30 NOTE
r-release-linux-x86_64 0.5.8 1.98 27.46 29.44 NOTE
r-release-macos-arm64 0.5.8 NOTE
r-release-macos-x86_64 0.5.8 NOTE
r-release-windows-ix86+x86_64 0.5.8 5.00 36.00 41.00 NOTE
r-oldrel-macos-x86_64 0.5.8 OK
r-oldrel-windows-ix86+x86_64 0.5.8 5.00 44.00 49.00 OK

Check Details

Version: 0.5.8
Check: LazyData
Result: NOTE
     'LazyData' is specified without a 'data' directory
Flavors: r-devel-linux-x86_64-debian-clang, r-devel-linux-x86_64-debian-gcc, r-devel-linux-x86_64-fedora-clang, r-devel-linux-x86_64-fedora-gcc, r-devel-windows-x86_64, r-devel-windows-x86_64-gcc10-UCRT, r-patched-linux-x86_64, r-patched-solaris-x86, r-release-linux-x86_64, r-release-macos-arm64, r-release-macos-x86_64, r-release-windows-ix86+x86_64