Last updated on 2024-08-13 10:50:32 CEST.
Flavor | Version | Tinstall | Tcheck | Ttotal | Status | Flags |
---|---|---|---|---|---|---|
r-devel-linux-x86_64-debian-clang | 0.5.0 | 5.36 | 68.73 | 74.09 | NOTE | |
r-devel-linux-x86_64-debian-gcc | 0.5.0 | 3.72 | 51.89 | 55.61 | NOTE | |
r-devel-linux-x86_64-fedora-gcc | 0.5.0 | 129.29 | NOTE | |||
r-devel-windows-x86_64 | 0.5.0 | 8.00 | 84.00 | 92.00 | NOTE | |
r-patched-linux-x86_64 | 0.5.0 | 4.87 | 68.18 | 73.05 | NOTE | |
r-release-linux-x86_64 | 0.5.0 | 4.85 | 67.27 | 72.12 | NOTE | |
r-release-macos-arm64 | 0.5.0 | 42.00 | NOTE | |||
r-release-macos-x86_64 | 0.5.0 | 63.00 | NOTE | |||
r-release-windows-x86_64 | 0.5.0 | 8.00 | 84.00 | 92.00 | NOTE | |
r-oldrel-macos-arm64 | 0.5.0 | 42.00 | OK | |||
r-oldrel-macos-x86_64 | 0.5.0 | 77.00 | OK | |||
r-oldrel-windows-x86_64 | 0.5.0 | 8.00 | 92.00 | 100.00 | OK |
Version: 0.5.0
Check: Rd files
Result: NOTE
checkRd: (-1) ms_simplify.Rd:36: Lost braces
36 | \url{https://github.com/mbloch/mapshaper/wiki/Simplification-Tips}{link}
| ^
Flavors: r-devel-linux-x86_64-debian-clang, r-devel-linux-x86_64-debian-gcc, r-devel-linux-x86_64-fedora-gcc, r-devel-windows-x86_64, r-patched-linux-x86_64, r-release-linux-x86_64, r-release-macos-arm64, r-release-macos-x86_64, r-release-windows-x86_64