CRAN Package Check Results for Package riskCommunicator

Last updated on 2021-10-23 10:57:05 CEST.

Flavor Version Tinstall Tcheck Ttotal Status Flags
r-devel-linux-x86_64-debian-clang 0.1.0 6.94 437.91 444.85 OK
r-devel-linux-x86_64-debian-gcc 0.1.0 5.50 314.51 320.01 OK
r-devel-linux-x86_64-fedora-clang 0.1.0 501.55 NOTE
r-devel-linux-x86_64-fedora-gcc 0.1.0 495.83 NOTE
r-devel-windows-x86_64 0.1.0 11.00 552.00 563.00 OK
r-devel-windows-x86_64-gcc10-UCRT 0.1.0 NOTE
r-patched-linux-x86_64 0.1.0 6.89 407.43 414.32 OK
r-patched-solaris-x86 0.1.0 155.00 NOTE
r-release-linux-x86_64 0.1.0 5.40 404.12 409.52 OK
r-release-macos-arm64 0.1.0 NOTE
r-release-macos-x86_64 0.1.0 NOTE
r-release-windows-ix86+x86_64 0.1.0 11.00 517.00 528.00 OK
r-oldrel-macos-x86_64 0.1.0 NOTE
r-oldrel-windows-ix86+x86_64 0.1.0 17.00 548.00 565.00 OK

Check Details

Version: 0.1.0
Check: dependencies in R code
Result: NOTE
    Namespace in Imports field not imported from: ‘tidyverse’
     All declared Imports should be used.
Flavors: r-devel-linux-x86_64-fedora-clang, r-devel-linux-x86_64-fedora-gcc, r-devel-windows-x86_64-gcc10-UCRT, r-patched-solaris-x86, r-release-macos-arm64, r-release-macos-x86_64, r-oldrel-macos-x86_64