CRAN Package Check Results for Package ricu

Last updated on 2021-09-23 10:53:43 CEST.

Flavor Version Tinstall Tcheck Ttotal Status Flags
r-devel-linux-x86_64-debian-clang 0.5.0 15.98 159.21 175.19 NOTE
r-devel-linux-x86_64-debian-gcc 0.5.0 12.49 115.42 127.91 NOTE
r-devel-linux-x86_64-fedora-clang 0.5.0 214.80 NOTE
r-devel-linux-x86_64-fedora-gcc 0.5.0 204.11 NOTE
r-devel-windows-x86_64 0.5.0 18.00 137.00 155.00 NOTE
r-devel-windows-x86_64-gcc10-UCRT 0.5.0 ERROR
r-patched-linux-x86_64 0.5.0 20.33 154.62 174.95 NOTE
r-patched-solaris-x86 0.5.0 201.80 NOTE
r-release-linux-x86_64 0.5.0 12.37 155.53 167.90 NOTE
r-release-macos-arm64 0.5.0 NOTE
r-release-macos-x86_64 0.5.0 NOTE
r-release-windows-ix86+x86_64 0.5.0 32.00 141.00 173.00 NOTE
r-oldrel-macos-x86_64 0.5.0 NOTE
r-oldrel-windows-ix86+x86_64 0.5.0 26.00 141.00 167.00 NOTE

Check Details

Version: 0.5.0
Check: package dependencies
Result: NOTE
    Packages suggested but not available for checking:
     'mimic.demo', 'eicu.demo'
Flavors: r-devel-linux-x86_64-debian-clang, r-devel-linux-x86_64-debian-gcc, r-devel-linux-x86_64-fedora-clang, r-devel-linux-x86_64-fedora-gcc, r-devel-windows-x86_64, r-patched-linux-x86_64, r-patched-solaris-x86, r-release-linux-x86_64, r-release-macos-arm64, r-release-macos-x86_64, r-release-windows-ix86+x86_64, r-oldrel-macos-x86_64, r-oldrel-windows-ix86+x86_64

Version: 0.5.0
Check: dependencies in R code
Result: NOTE
    Namespace in Imports field not imported from: ‘glue’
     All declared Imports should be used.
Flavors: r-devel-linux-x86_64-fedora-clang, r-devel-linux-x86_64-fedora-gcc, r-devel-windows-x86_64-gcc10-UCRT, r-patched-solaris-x86, r-release-macos-arm64, r-release-macos-x86_64, r-oldrel-macos-x86_64

Version: 0.5.0
Check: package dependencies
Result: NOTE
    Packages suggested but not available for checking:
     'xml2', 'mimic.demo', 'eicu.demo', 'kableExtra', 'units'
Flavor: r-devel-windows-x86_64-gcc10-UCRT

Version: 0.5.0
Check: re-building of vignette outputs
Result: WARN
    Error(s) in re-building vignettes:
    --- re-building 'jss.Rmd' using rmarkdown
    Quitting from lines 73-87 (jss.Rmd)
    Error: processing vignette 'jss.Rmd' failed with diagnostics:
    there is no package called 'kableExtra'
    --- failed re-building 'jss.Rmd'
    
    --- re-building 'ricu.Rmd' using rmarkdown
    --- finished re-building 'ricu.Rmd'
    
    --- re-building 'uom.Rmd' using rmarkdown
    --- finished re-building 'uom.Rmd'
    
    SUMMARY: processing the following file failed:
     'jss.Rmd'
    
    Error: Vignette re-building failed.
    Execution halted
Flavor: r-devel-windows-x86_64-gcc10-UCRT

Version: 0.5.0
Check: PDF version of manual
Result: WARN
    LaTeX errors when creating PDF version.
    This typically indicates Rd problems.
Flavor: r-devel-windows-x86_64-gcc10-UCRT

Version: 0.5.0
Check: PDF version of manual without hyperrefs or index
Result: ERROR
    Re-running with no redirection of stdout/stderr.
Flavor: r-devel-windows-x86_64-gcc10-UCRT